{"id":7218,"date":"2023-08-31T13:29:38","date_gmt":"2023-08-31T11:29:38","guid":{"rendered":"http:\/\/www.si-hu.eu\/2127\/?page_id=7218"},"modified":"2023-08-31T13:29:38","modified_gmt":"2023-08-31T11:29:38","slug":"registration-for-icday2023","status":"publish","type":"page","link":"http:\/\/www.si-hu.eu\/2127\/registration-for-icday2023\/","title":{"rendered":"Prijava na Dan Interreg sodelovanja 2023 &#8211; Regisztr\u00e1ci\u00f3 az Interreg Egy\u00fcttm\u0171k\u00f6d\u00e9s Napja 2023 esem\u00e9nyre"},"content":{"rendered":"<table class=\"nf-table-display\">\n<tbody class=\"forms-collection\">\n<tr>\n<td><noscript class=\"ninja-forms-noscript-message\">\n\tNotice: JavaScript is required for this content.<\/noscript>\nRegistracija ni ve\u010d mo\u017ena. \/&nbsp;<span style=\"color: rgb(31, 78, 121);\">A\nregisztr\u00e1ci\u00f3 lez\u00e1rult.<\/span><p class=\"MsoNormal\"><span lang=\"HU\" style=\"color:#1F4E79;mso-ansi-language:HU\"><o:p><\/o:p><\/span><\/p><\/td>\n<\/tr>\n<\/tbody>\n<\/table>\n","protected":false},"excerpt":{"rendered":"","protected":false},"author":19,"featured_media":0,"parent":0,"menu_order":0,"comment_status":"closed","ping_status":"closed","template":"","meta":{"ngg_post_thumbnail":0},"_links":{"self":[{"href":"http:\/\/www.si-hu.eu\/2127\/wp-json\/wp\/v2\/pages\/7218"}],"collection":[{"href":"http:\/\/www.si-hu.eu\/2127\/wp-json\/wp\/v2\/pages"}],"about":[{"href":"http:\/\/www.si-hu.eu\/2127\/wp-json\/wp\/v2\/types\/page"}],"author":[{"embeddable":true,"href":"http:\/\/www.si-hu.eu\/2127\/wp-json\/wp\/v2\/users\/19"}],"replies":[{"embeddable":true,"href":"http:\/\/www.si-hu.eu\/2127\/wp-json\/wp\/v2\/comments?post=7218"}],"version-history":[{"count":2,"href":"http:\/\/www.si-hu.eu\/2127\/wp-json\/wp\/v2\/pages\/7218\/revisions"}],"predecessor-version":[{"id":7220,"href":"http:\/\/www.si-hu.eu\/2127\/wp-json\/wp\/v2\/pages\/7218\/revisions\/7220"}],"wp:attachment":[{"href":"http:\/\/www.si-hu.eu\/2127\/wp-json\/wp\/v2\/media?parent=7218"}],"curies":[{"name":"wp","href":"https:\/\/api.w.org\/{rel}","templated":true}]}}