{"id":116,"date":"2015-10-03T13:25:55","date_gmt":"2015-10-03T12:25:55","guid":{"rendered":"http:\/\/84.39.218.252\/si2\/?page_id=116"},"modified":"2021-12-03T11:32:05","modified_gmt":"2021-12-03T10:32:05","slug":"organizacijska-struktura","status":"publish","type":"page","link":"http:\/\/www.si-hu.eu\/hu2\/o-nas\/organizacijska-struktura\/","title":{"rendered":"Organizacijska struktura"},"content":{"rendered":"<div id='layer_slider_1'  class='avia-layerslider main_color avia-shadow  avia-builder-el-0  el_before_av_one_full  avia-builder-el-first  container_wrap sidebar_right'  style='height: 151px;'  ><div id=\"layerslider_4_1kj426o510lww\" class=\"ls-wp-container fitvidsignore\" style=\"width:1600px;height:150px;margin:0 auto;margin-bottom: 0px;\"><div class=\"ls-slide\" data-ls=\"duration:5000;\"><img width=\"2048\" height=\"321\" src=\"http:\/\/www.si-hu.eu\/hu2\/wp-content\/uploads\/sites\/10\/layerslider\/ENSubSlider\/Clouds.jpg\" class=\"ls-bg\" alt=\"\" srcset=\"http:\/\/www.si-hu.eu\/hu2\/wp-content\/uploads\/sites\/10\/layerslider\/ENSubSlider\/Clouds.jpg 2048w, http:\/\/www.si-hu.eu\/hu2\/wp-content\/uploads\/sites\/10\/layerslider\/ENSubSlider\/Clouds-300x47.jpg 300w, http:\/\/www.si-hu.eu\/hu2\/wp-content\/uploads\/sites\/10\/layerslider\/ENSubSlider\/Clouds-1030x161.jpg 1030w, http:\/\/www.si-hu.eu\/hu2\/wp-content\/uploads\/sites\/10\/layerslider\/ENSubSlider\/Clouds-600x94.jpg 600w, http:\/\/www.si-hu.eu\/hu2\/wp-content\/uploads\/sites\/10\/layerslider\/ENSubSlider\/Clouds-1500x235.jpg 1500w, http:\/\/www.si-hu.eu\/hu2\/wp-content\/uploads\/sites\/10\/layerslider\/ENSubSlider\/Clouds-705x111.jpg 705w, http:\/\/www.si-hu.eu\/hu2\/wp-content\/uploads\/sites\/10\/layerslider\/ENSubSlider\/Clouds-450x71.jpg 450w\" sizes=\"(max-width: 2048px) 100vw, 2048px\" \/><h2 style=\"padding-top:10px;padding-right:10px;padding-bottom:10px;padding-left:10px;color:#ffffff;background:#436f4d;border-radius:15px;top:80px;left:40px;\" class=\"ls-l ls-text-layer\" data-ls=\"offsetxin:80;offsetxout:-80;durationout:400;parallaxlevel:0;\">Interreg V-A Szlov&eacute;nia-Magyarorsz&aacute;g Egy&uuml;ttm&#369;k&ouml;d&eacute;si Program<\/h2><\/div><div class=\"ls-slide\" data-ls=\"duration:4000;\"><img width=\"1600\" height=\"150\" src=\"http:\/\/www.si-hu.eu\/hu2\/wp-content\/uploads\/sites\/10\/layerslider\/ENSubSlider\/lipa.png\" class=\"ls-bg\" alt=\"\" srcset=\"http:\/\/www.si-hu.eu\/hu2\/wp-content\/uploads\/sites\/10\/layerslider\/ENSubSlider\/lipa.png 1600w, http:\/\/www.si-hu.eu\/hu2\/wp-content\/uploads\/sites\/10\/layerslider\/ENSubSlider\/lipa-300x28.png 300w, http:\/\/www.si-hu.eu\/hu2\/wp-content\/uploads\/sites\/10\/layerslider\/ENSubSlider\/lipa-1030x97.png 1030w, http:\/\/www.si-hu.eu\/hu2\/wp-content\/uploads\/sites\/10\/layerslider\/ENSubSlider\/lipa-600x56.png 600w, http:\/\/www.si-hu.eu\/hu2\/wp-content\/uploads\/sites\/10\/layerslider\/ENSubSlider\/lipa-1500x141.png 1500w, http:\/\/www.si-hu.eu\/hu2\/wp-content\/uploads\/sites\/10\/layerslider\/ENSubSlider\/lipa-705x66.png 705w, http:\/\/www.si-hu.eu\/hu2\/wp-content\/uploads\/sites\/10\/layerslider\/ENSubSlider\/lipa-450x42.png 450w\" sizes=\"(max-width: 1600px) 100vw, 1600px\" \/><h2 style=\"padding-top:10px;padding-right:10px;padding-bottom:10px;padding-left:10px;color:#ffffff;background:#436f4d;border-radius:15px;top:25px;left:600px;\" class=\"ls-l ls-text-layer\" data-ls=\"offsetxin:80;offsetxout:-80;durationout:400;parallaxlevel:0;\">Interreg V-A Szlov&eacute;nia-Magyarorsz&aacute;g Egy&uuml;ttm&#369;k&ouml;d&eacute;si Program<\/h2><\/div><\/div><\/div><div id='after_layer_slider_1'  class='main_color av_default_container_wrap container_wrap sidebar_right'  ><div class='container av-section-cont-open' ><div class='template-page content  av-content-small alpha units'><div class='post-entry post-entry-type-page post-entry-116'><div class='entry-content-wrapper clearfix'>\n\n<style type=\"text\/css\" data-created_by=\"avia_inline_auto\" id=\"style-css-av-giv7o-76b829e94304730f4ab4ed7cd9ee0b4c\">\n.flex_column.av-giv7o-76b829e94304730f4ab4ed7cd9ee0b4c{\nborder-radius:0px 0px 0px 0px;\n-webkit-border-radius:0px 0px 0px 0px;\n-moz-border-radius:0px 0px 0px 0px;\n}\n<\/style>\n<div class='flex_column av-giv7o-76b829e94304730f4ab4ed7cd9ee0b4c av_one_full  avia-builder-el-1  el_after_av_layerslider  avia-builder-el-no-sibling  first flex_column_div av-zero-column-padding '   ><section  class='av_textblock_section av-6vdyc-23ccef5654ef53a119336db1dc605ec5'  itemscope=\"itemscope\" itemtype=\"https:\/\/schema.org\/CreativeWork\" ><div class='avia_textblock'  itemprop=\"text\" ><h2>INT\u00c9ZM\u00c9NYRENDSZER<\/h2>\n<p><b>IR\u00c1NY\u00cdT\u00d3 HAT\u00d3S\u00c1G (IH)<\/b><br \/>\nSlu\u017eba Vlade Republike Slovenije za razvoj in evropsko kohezijsko politiko<br \/>\nSektor za evropsko teritorialno sodelovanje in finan\u010dne mehanizme<br \/>\nOddelek za upravljanje \u010dezmejnih programov<br \/>\nTrubarjeva 11<br \/>\nSI-2000 Maribor<br \/>\nProgramvezet\u0151: Ale\u0161 Mrkela<br \/>\nTel: + 386 (0)1 400 3158<\/p>\n<p><b>K\u00d6Z\u00d6S &nbsp;TITK\u00c1RS\u00c1G (KT)<\/b><br \/>\nSlu\u017eba Vlade Republike Slovenije za razvoj in evropsko kohezijsko politiko<br \/>\nSektor za evropsko teritorialno sodelovanje in finan\u010dne mehanizme<br \/>\nOddelek za upravljanje \u010dezmejnih programov<br \/>\nTrubarjeva 11<br \/>\nSI-2000 Maribor<br \/>\nTel: + 386 (0)1 400 3162<\/p>\n<p>e-mail: <a href=\"mailto:si-hu.svrk@gov.si\">si-hu.svrk@gov.si<\/a><span id=\"eeEncEmail_xD4yzhU1Ax\"><\/span><\/p>\n<p><b>IGAZ\u00d3L\u00d3 HAT\u00d3S\u00c1G (IgH)<\/b><br \/>\nJavni sklad Republike Slovenije<br \/>\nza regionalni razvoj in razvoj pode\u017eelja<br \/>\n\u0160krab\u010dev trg 9a<br \/>\n1310 Ribnica<br \/>\nTel: + 386 (0)1 836 19 53<br \/>\nFax: + 386 (0)1 836 19 56<\/p>\n<p><b>ELLEN\u0150RZ\u0150 HAT\u00d3S\u00c1G (EH)<\/b><br \/>\nMinistrstvo za finance<br \/>\nUrad za nadzor prora\u010duna<br \/>\nFajfarjeva 33<br \/>\nSI-1000 Ljubljana<br \/>\nTel: + 386 (0)1 369 69 00<br \/>\nFax: + 386 (0)1 369 69 14<\/p>\n<p><b>NEMZETI HAT\u00d3S\u00c1G (NH)<\/b><br \/>\n<b>Slovenia:<\/b><br \/>\nSlu\u017eba Vlade Republike Slovenije za razvoj in evropsko kohezijsko politiko<br \/>\nSektor za evropsko teritorialno sodelovanje in finan\u010dne mehanizme<br \/>\nOddelek za evropsko teritorialno sodelovanje in finan\u010dne mehanizme<br \/>\nKotnikova 5, SI-1000 Ljubljana&nbsp;<br \/>\nTel: +386 (0)1 400 3475<br \/>\nTel: +386 (0)1 400 3148<\/p>\n<p><b>Hungary:<\/b><br \/>\nK\u00fclgazdas\u00e1gi \u00e9s K\u00fcl\u00fcgyminiszt\u00e9rium<br \/>\nBem rkp. 47, 1027 Budapest<br \/>\nTel: +36 (06) 1-458-1029<\/p>\n<p><b>MONITORING BIZOTTS\u00c1G (MB)<\/b><br \/>\nPermanent member<br \/>\nObservers<br \/>\nAdvisors<\/p>\n<\/div><\/section><\/div>\n","protected":false},"excerpt":{"rendered":"","protected":false},"author":3,"featured_media":0,"parent":114,"menu_order":0,"comment_status":"closed","ping_status":"closed","template":"","meta":{"ngg_post_thumbnail":0},"acf":[],"_links":{"self":[{"href":"http:\/\/www.si-hu.eu\/hu2\/wp-json\/wp\/v2\/pages\/116"}],"collection":[{"href":"http:\/\/www.si-hu.eu\/hu2\/wp-json\/wp\/v2\/pages"}],"about":[{"href":"http:\/\/www.si-hu.eu\/hu2\/wp-json\/wp\/v2\/types\/page"}],"author":[{"embeddable":true,"href":"http:\/\/www.si-hu.eu\/hu2\/wp-json\/wp\/v2\/users\/3"}],"replies":[{"embeddable":true,"href":"http:\/\/www.si-hu.eu\/hu2\/wp-json\/wp\/v2\/comments?post=116"}],"version-history":[{"count":3,"href":"http:\/\/www.si-hu.eu\/hu2\/wp-json\/wp\/v2\/pages\/116\/revisions"}],"predecessor-version":[{"id":5514,"href":"http:\/\/www.si-hu.eu\/hu2\/wp-json\/wp\/v2\/pages\/116\/revisions\/5514"}],"up":[{"embeddable":true,"href":"http:\/\/www.si-hu.eu\/hu2\/wp-json\/wp\/v2\/pages\/114"}],"wp:attachment":[{"href":"http:\/\/www.si-hu.eu\/hu2\/wp-json\/wp\/v2\/media?parent=116"}],"curies":[{"name":"wp","href":"https:\/\/api.w.org\/{rel}","templated":true}]}}