{"id":118,"date":"2015-10-03T13:27:14","date_gmt":"2015-10-03T12:27:14","guid":{"rendered":"http:\/\/84.39.218.252\/si2\/?page_id=118"},"modified":"2022-09-02T06:18:59","modified_gmt":"2022-09-02T05:18:59","slug":"organ-upravljanja","status":"publish","type":"page","link":"http:\/\/www.si-hu.eu\/hu2\/o-nas\/organ-upravljanja\/","title":{"rendered":"Organ upravljanja"},"content":{"rendered":"<div id='layer_slider_1'  class='avia-layerslider main_color avia-shadow  avia-builder-el-0  el_before_av_one_full  avia-builder-el-first  container_wrap sidebar_right'  style='height: 1px;'  ><div id=\"layerslider_6_13clfmo37ohvn\" class=\"ls-wp-container fitvidsignore\" style=\"width:1280px;height:720px;margin:0 auto;\"><div class=\"ls-slide\" ><\/div><\/div><\/div><div id='after_layer_slider_1'  class='main_color av_default_container_wrap container_wrap sidebar_right'  ><div class='container av-section-cont-open' ><div class='template-page content  av-content-small alpha units'><div class='post-entry post-entry-type-page post-entry-118'><div class='entry-content-wrapper clearfix'>\n\n<style type=\"text\/css\" data-created_by=\"avia_inline_auto\" id=\"style-css-av-23zhpq-6fe0bd03e6ca3238fabf1312a8567d6e\">\n.flex_column.av-23zhpq-6fe0bd03e6ca3238fabf1312a8567d6e{\nborder-radius:0px 0px 0px 0px;\n-webkit-border-radius:0px 0px 0px 0px;\n-moz-border-radius:0px 0px 0px 0px;\n}\n<\/style>\n<div class='flex_column av-23zhpq-6fe0bd03e6ca3238fabf1312a8567d6e av_one_full  avia-builder-el-1  el_after_av_layerslider  el_before_av_one_fourth  avia-builder-el-first  first flex_column_div av-zero-column-padding '   ><section  class='av_textblock_section av-1xby9a-c18e9826264942cfd650f032f0cf7524'  itemscope=\"itemscope\" itemtype=\"https:\/\/schema.org\/CreativeWork\" ><div class='avia_textblock'  itemprop=\"text\" ><h2><strong>IR\u00c1NY\u00cdT\u00d3 HAT\u00d3S\u00c1G (IH)<\/strong><\/h2>\n<p><strong>Szlov\u00e9n K\u00f6zt\u00e1rsas\u00e1g Fejleszt\u00e9si \u00e9s Eur\u00f3pai Koh\u00e9zi\u00f3s Politik\u00e1\u00e9rt felel\u0151s Korm\u00e1nyhivatala <\/strong><strong>Eur\u00f3pai Ter\u00fcleti Egy\u00fcttm\u0171k\u00f6d\u00e9sek\u00e9rt \u00e9s Finansz\u00edroz\u00e1si<\/strong><\/p>\n<p><strong>Mechanizmusok\u00e9rt felel\u0151s Iroda<\/strong><\/p>\n<p><strong>Hat\u00e1ron \u00c1tny\u00fal\u00f3 Egy\u00fcttm\u0171k\u00f6d\u00e9si Programok Ir\u00e1ny\u00edt\u00e1si Oszt\u00e1ly<\/strong><\/p>\n<\/div><\/section><\/div>\n\n<style type=\"text\/css\" data-created_by=\"avia_inline_auto\" id=\"style-css-av-1qafpq-bc7adf8bb8bc9c5606641f6b11cdf64d\">\n.flex_column.av-1qafpq-bc7adf8bb8bc9c5606641f6b11cdf64d{\nborder-radius:0px 0px 0px 0px;\n-webkit-border-radius:0px 0px 0px 0px;\n-moz-border-radius:0px 0px 0px 0px;\n}\n<\/style>\n<div class='flex_column av-1qafpq-bc7adf8bb8bc9c5606641f6b11cdf64d av_one_fourth  avia-builder-el-3  el_after_av_one_full  el_before_av_one_fourth  first flex_column_div av-zero-column-padding column-top-margin'   ><section  class='avia-team-member av-1jl7au-b0cc601c34624a0abc774f2a422c586c  avia-builder-el-4  avia-builder-el-no-sibling '  itemscope=\"itemscope\" itemtype=\"https:\/\/schema.org\/Person\" ><div class=\"team-img-container\"><img width=\"300\" height=\"200\" class='wp-image-3872 avia-img-lazy-loading-not-3872 avia_image avia_image_team' src=\"http:\/\/www.si-hu.eu\/hu2\/wp-content\/uploads\/sites\/10\/2019\/02\/Foto_Tanja3-300x200.jpg\" alt='Tanja Rener'  itemprop=\"image\" srcset=\"http:\/\/www.si-hu.eu\/hu2\/wp-content\/uploads\/sites\/10\/2019\/02\/Foto_Tanja3-300x200.jpg 300w, http:\/\/www.si-hu.eu\/hu2\/wp-content\/uploads\/sites\/10\/2019\/02\/Foto_Tanja3-768x513.jpg 768w, http:\/\/www.si-hu.eu\/hu2\/wp-content\/uploads\/sites\/10\/2019\/02\/Foto_Tanja3-1030x688.jpg 1030w, http:\/\/www.si-hu.eu\/hu2\/wp-content\/uploads\/sites\/10\/2019\/02\/Foto_Tanja3-600x401.jpg 600w, http:\/\/www.si-hu.eu\/hu2\/wp-content\/uploads\/sites\/10\/2019\/02\/Foto_Tanja3-1500x1001.jpg 1500w, http:\/\/www.si-hu.eu\/hu2\/wp-content\/uploads\/sites\/10\/2019\/02\/Foto_Tanja3-705x471.jpg 705w, http:\/\/www.si-hu.eu\/hu2\/wp-content\/uploads\/sites\/10\/2019\/02\/Foto_Tanja3-450x300.jpg 450w, http:\/\/www.si-hu.eu\/hu2\/wp-content\/uploads\/sites\/10\/2019\/02\/Foto_Tanja3.jpg 1907w\" sizes=\"(max-width: 300px) 100vw, 300px\" \/><\/div><h3 class='team-member-name '  itemprop=\"name\" >Tanja Rener<\/h3><div class='team-member-job-title '  itemprop=\"jobTitle\" >Az Ir\u00e1ny\u00edt\u00f3 Hat\u00f3s\u00e1g vezet\u0151je<\/div><div class='team-member-description '  itemprop=\"description\" ><p>Kotnikova 5<br \/>\n1000 LJubljana<br \/>\nTel: +386 (0)1 400 3476<br \/>\nE-mail: tanja.rener@gov.si<\/p>\n<\/div><span class='hidden team-member-affiliation'  itemprop=\"affiliation\" >HU Interreg V-A Slovenia-Hungary<\/span><\/section><\/div>\n<style type=\"text\/css\" data-created_by=\"avia_inline_auto\" id=\"style-css-av-1djzuu-2b036f93ca419b3053a944a8968f866f\">\n.flex_column.av-1djzuu-2b036f93ca419b3053a944a8968f866f{\nborder-radius:0px 0px 0px 0px;\n-webkit-border-radius:0px 0px 0px 0px;\n-moz-border-radius:0px 0px 0px 0px;\n}\n<\/style>\n<div class='flex_column av-1djzuu-2b036f93ca419b3053a944a8968f866f av_one_fourth  avia-builder-el-5  el_after_av_one_fourth  el_before_av_one_fourth  flex_column_div av-zero-column-padding column-top-margin'   ><section  class='avia-team-member av-1b53rq-123ddd1f4df3d760e7fc7c994dbf628c  avia-builder-el-6  avia-builder-el-no-sibling '  itemscope=\"itemscope\" itemtype=\"https:\/\/schema.org\/Person\" ><div class=\"team-img-container\"><img width=\"300\" height=\"242\" class='wp-image-2404 avia-img-lazy-loading-not-2404 avia_image avia_image_team' src=\"http:\/\/www.si-hu.eu\/hu2\/wp-content\/uploads\/sites\/10\/2015\/10\/eva-1-495x400-300x242.jpg\" alt='XXX'  itemprop=\"image\" srcset=\"http:\/\/www.si-hu.eu\/hu2\/wp-content\/uploads\/sites\/10\/2015\/10\/eva-1-495x400-300x242.jpg 300w, http:\/\/www.si-hu.eu\/hu2\/wp-content\/uploads\/sites\/10\/2015\/10\/eva-1-495x400-450x364.jpg 450w, http:\/\/www.si-hu.eu\/hu2\/wp-content\/uploads\/sites\/10\/2015\/10\/eva-1-495x400.jpg 495w\" sizes=\"(max-width: 300px) 100vw, 300px\" \/><\/div><h3 class='team-member-name '  itemprop=\"name\" >XXX<\/h3><div class='team-member-job-title '  itemprop=\"jobTitle\" >xxx<\/div><div class='team-member-description '  itemprop=\"description\" ><p>Kotnikova 5<br \/>\n1000 Ljubljana<br \/>\nTel: +386 (0)1 400 xxx<br \/>\nE-mail: xxx@gov.si<\/p>\n<\/div><span class='hidden team-member-affiliation'  itemprop=\"affiliation\" >HU Interreg V-A Slovenia-Hungary<\/span><\/section><\/div><\/p>\n\n<style type=\"text\/css\" data-created_by=\"avia_inline_auto\" id=\"style-css-av-112mdy-ff0920b6b24260571fcdb7e5f1e42e4b\">\n.flex_column.av-112mdy-ff0920b6b24260571fcdb7e5f1e42e4b{\nborder-radius:0px 0px 0px 0px;\n-webkit-border-radius:0px 0px 0px 0px;\n-moz-border-radius:0px 0px 0px 0px;\n}\n<\/style>\n<div class='flex_column av-112mdy-ff0920b6b24260571fcdb7e5f1e42e4b av_one_fourth  avia-builder-el-7  el_after_av_one_fourth  el_before_av_one_fourth  flex_column_div av-zero-column-padding column-top-margin'   ><section  class='avia-team-member av-z9lc6-c796a7fb154edad50ce332492b2798d5  avia-builder-el-8  avia-builder-el-no-sibling '  itemscope=\"itemscope\" itemtype=\"https:\/\/schema.org\/Person\" ><div class=\"team-img-container\"><img width=\"300\" height=\"200\" class='wp-image-996 avia-img-lazy-loading-not-996 avia_image avia_image_team' src=\"http:\/\/www.si-hu.eu\/hu2\/wp-content\/uploads\/sites\/10\/2015\/10\/20161201-00744515-300x200.jpg\" alt='Ale\u0161 Mrkela'  itemprop=\"image\" srcset=\"http:\/\/www.si-hu.eu\/hu2\/wp-content\/uploads\/sites\/10\/2015\/10\/20161201-00744515-300x200.jpg 300w, http:\/\/www.si-hu.eu\/hu2\/wp-content\/uploads\/sites\/10\/2015\/10\/20161201-00744515-768x512.jpg 768w, http:\/\/www.si-hu.eu\/hu2\/wp-content\/uploads\/sites\/10\/2015\/10\/20161201-00744515-1030x687.jpg 1030w, http:\/\/www.si-hu.eu\/hu2\/wp-content\/uploads\/sites\/10\/2015\/10\/20161201-00744515-600x400.jpg 600w, http:\/\/www.si-hu.eu\/hu2\/wp-content\/uploads\/sites\/10\/2015\/10\/20161201-00744515-1500x1000.jpg 1500w, http:\/\/www.si-hu.eu\/hu2\/wp-content\/uploads\/sites\/10\/2015\/10\/20161201-00744515-705x470.jpg 705w, http:\/\/www.si-hu.eu\/hu2\/wp-content\/uploads\/sites\/10\/2015\/10\/20161201-00744515-450x300.jpg 450w\" sizes=\"(max-width: 300px) 100vw, 300px\" \/><\/div><h3 class='team-member-name '  itemprop=\"name\" >Ale\u0161 Mrkela<\/h3><div class='team-member-job-title '  itemprop=\"jobTitle\" > Programir\u00e1ny\u00edt\u00f3<\/div><div class='team-member-description '  itemprop=\"description\" ><p>Trubarjeva 11<br \/>\n2000 Maribor<br \/>\nTel: +386 (0)1 400 3158<br \/>\nE-mail: ales.mrkela@gov.si<\/p>\n<\/div><span class='hidden team-member-affiliation'  itemprop=\"affiliation\" >HU Interreg V-A Slovenia-Hungary<\/span><\/section><\/div>\n\n<style type=\"text\/css\" data-created_by=\"avia_inline_auto\" id=\"style-css-av-q85ae-de2fdeb5f86c503d0b3ed39fdeab2170\">\n.flex_column.av-q85ae-de2fdeb5f86c503d0b3ed39fdeab2170{\nborder-radius:0px 0px 0px 0px;\n-webkit-border-radius:0px 0px 0px 0px;\n-moz-border-radius:0px 0px 0px 0px;\n}\n<\/style>\n<div class='flex_column av-q85ae-de2fdeb5f86c503d0b3ed39fdeab2170 av_one_fourth  avia-builder-el-9  el_after_av_one_fourth  el_before_av_one_full  flex_column_div av-zero-column-padding column-top-margin'   ><section  class='avia-team-member av-mmwie-a6a7c54f6a4276f9c93f5d7092aa1cd3  avia-builder-el-10  avia-builder-el-no-sibling '  itemscope=\"itemscope\" itemtype=\"https:\/\/schema.org\/Person\" ><div class=\"team-img-container\"><img width=\"300\" height=\"199\" class='wp-image-3900 avia-img-lazy-loading-not-3900 avia_image avia_image_team' src=\"http:\/\/www.si-hu.eu\/hu2\/wp-content\/uploads\/sites\/10\/2019\/02\/Robert-Foto-300x199.jpg\" alt='Robert Fi\u0161er'  itemprop=\"image\" srcset=\"http:\/\/www.si-hu.eu\/hu2\/wp-content\/uploads\/sites\/10\/2019\/02\/Robert-Foto-300x199.jpg 300w, http:\/\/www.si-hu.eu\/hu2\/wp-content\/uploads\/sites\/10\/2019\/02\/Robert-Foto-768x508.jpg 768w, http:\/\/www.si-hu.eu\/hu2\/wp-content\/uploads\/sites\/10\/2019\/02\/Robert-Foto-1030x682.jpg 1030w, http:\/\/www.si-hu.eu\/hu2\/wp-content\/uploads\/sites\/10\/2019\/02\/Robert-Foto-600x397.jpg 600w, http:\/\/www.si-hu.eu\/hu2\/wp-content\/uploads\/sites\/10\/2019\/02\/Robert-Foto-1500x993.jpg 1500w, http:\/\/www.si-hu.eu\/hu2\/wp-content\/uploads\/sites\/10\/2019\/02\/Robert-Foto-705x467.jpg 705w, http:\/\/www.si-hu.eu\/hu2\/wp-content\/uploads\/sites\/10\/2019\/02\/Robert-Foto-450x298.jpg 450w, http:\/\/www.si-hu.eu\/hu2\/wp-content\/uploads\/sites\/10\/2019\/02\/Robert-Foto.jpg 1718w\" sizes=\"(max-width: 300px) 100vw, 300px\" \/><\/div><h3 class='team-member-name '  itemprop=\"name\" >Robert Fi\u0161er<\/h3><div class='team-member-job-title '  itemprop=\"jobTitle\" >Szab\u00e1lytalans\u00e1g felel\u0151s<\/div><div class='team-member-description '  itemprop=\"description\" ><p>Trubarjeva 11<br \/>\n2000 Maribor<br \/>\nTel: +386 (0)1 400 3165<br \/>\nE-mail: robert.fiser@gov.si<\/p>\n<\/div><span class='hidden team-member-affiliation'  itemprop=\"affiliation\" >HU Interreg V-A Slovenia-Hungary<\/span><\/section><\/div>\n\n<style type=\"text\/css\" data-created_by=\"avia_inline_auto\" id=\"style-css-av-1bcke-f90c3a53312c73f39805db66091f9f9f\">\n.flex_column.av-1bcke-f90c3a53312c73f39805db66091f9f9f{\nborder-radius:0px 0px 0px 0px;\n-webkit-border-radius:0px 0px 0px 0px;\n-moz-border-radius:0px 0px 0px 0px;\n}\n<\/style>\n<div class='flex_column av-1bcke-f90c3a53312c73f39805db66091f9f9f av_one_full  avia-builder-el-11  el_after_av_one_fourth  avia-builder-el-last  first flex_column_div av-zero-column-padding column-top-margin'   ><section  class='av_textblock_section av-9c2uu-987a2e982e96f8b3190635da4bb5f005'  itemscope=\"itemscope\" itemtype=\"https:\/\/schema.org\/CreativeWork\" ><div class='avia_textblock'  itemprop=\"text\" ><p style=\"text-align: justify;\">A program kijel\u00f6lt Ir\u00e1ny\u00edt\u00f3 Hat\u00f3s\u00e1ga a <strong>Szlov\u00e9n K\u00f6zt\u00e1rsas\u00e1g Fejleszt\u00e9si \u00e9s Eur\u00f3pai Koh\u00e9zi\u00f3s Politik\u00e1\u00e9rt Felel\u0151s Korm\u00e1nyhivatala<\/strong>. Az Ir\u00e1ny\u00edt\u00f3 Hat\u00f3s\u00e1g felel\u0151s az Egy\u00fcttm\u0171k\u00f6d\u00e9si Program ir\u00e1ny\u00edt\u00e1s\u00e1\u00e9rt az eredm\u00e9nyes p\u00e9nzgazd\u00e1lkod\u00e1s alapelv\u00e9vel \u00f6sszhangban. Az IH munk\u00e1j\u00e1t k\u00f6zvetlen\u00fcl t\u00e1mogatja a KT, tekintettel arra, hogy az ut\u00f3bbi l\u00e1tja el a teljes program operat\u00edv v\u00e9grehajt\u00e1s\u00e1nak feladat\u00e1t. Hab\u00e1r az IH viseli a v\u00e9gs\u0151 felel\u0151ss\u00e9get a program v\u00e9grehajt\u00e1s\u00e1\u00e9rt, bizonyos horizont\u00e1lis feladatok (a KT munkav\u00e1llal\u00f3k foglalkoztat\u00e1sa, a program informatikai \u00e9s monitoring rendszer\u00e9nek fel\u00e1ll\u00edt\u00e1sa, jogi szolg\u00e1ltat\u00e1sok) a Szlov\u00e9n K\u00f6zt\u00e1rsas\u00e1g Fejleszt\u00e9si \u00e9s Eur\u00f3pai Koh\u00e9zi\u00f3s Politik\u00e1\u00e9rt Felel\u0151s Korm\u00e1nyhivatal\u00e1nak k\u00fcl\u00f6n\u00e1ll\u00f3 egys\u00e9geire ker\u00fclnek deleg\u00e1l\u00e1sra.<\/p>\n<p style=\"text-align: justify;\">Az IH t\u00f6bbek k\u00f6z\u00f6tt a k\u00f6vetkez\u0151k\u00e9rt felel\u0151s:<\/p>\n<ul>\n<li>el\u0151k\u00e9sz\u00edti az Ir\u00e1ny\u00edt\u00e1si \u00e9s Ellen\u0151rz\u00e9si rendszer le\u00edr\u00e1s\u00e1t;<\/li>\n<li>vezeti az MB \u00fcl\u00e9seket;<\/li>\n<li>megk\u00f6ti az ERFA szerz\u0151d\u00e9seket;<\/li>\n<li>\u00e9szrev\u00e9telezi az ellen\u0151rz\u00e9sek javaslatait, melyek a program ir\u00e1ny\u00edt\u00e1s\u00e1ra \u00e9s v\u00e9grehajt\u00e1s\u00e1ra vonatkoznak;<\/li>\n<li>r\u00e9szt vesz a panaszkezel\u00e9si elj\u00e1r\u00e1sban;<\/li>\n<li>el\u0151seg\u00edti az inform\u00e1ci\u00f3cser\u00e9t programszinten a NHk, IgH, AH \u00e9s EB k\u00f6z\u00f6tt;<\/li>\n<li>beny\u00fajtja a kifizet\u00e9si k\u00e9relmeket az IgH fel\u00e9;<\/li>\n<li>elk\u00e9sz\u00edti az ir\u00e1ny\u00edt\u00e1si nyilatkozatot;<\/li>\n<\/ul>\n<p>el\u0151k\u00e9sz\u00edti a programdokumentum v\u00e1ltoztat\u00e1sait.<\/p>\n<\/div><\/section><\/div>\n","protected":false},"excerpt":{"rendered":"","protected":false},"author":3,"featured_media":0,"parent":114,"menu_order":0,"comment_status":"closed","ping_status":"closed","template":"","meta":{"ngg_post_thumbnail":0},"acf":[],"_links":{"self":[{"href":"http:\/\/www.si-hu.eu\/hu2\/wp-json\/wp\/v2\/pages\/118"}],"collection":[{"href":"http:\/\/www.si-hu.eu\/hu2\/wp-json\/wp\/v2\/pages"}],"about":[{"href":"http:\/\/www.si-hu.eu\/hu2\/wp-json\/wp\/v2\/types\/page"}],"author":[{"embeddable":true,"href":"http:\/\/www.si-hu.eu\/hu2\/wp-json\/wp\/v2\/users\/3"}],"replies":[{"embeddable":true,"href":"http:\/\/www.si-hu.eu\/hu2\/wp-json\/wp\/v2\/comments?post=118"}],"version-history":[{"count":12,"href":"http:\/\/www.si-hu.eu\/hu2\/wp-json\/wp\/v2\/pages\/118\/revisions"}],"predecessor-version":[{"id":5518,"href":"http:\/\/www.si-hu.eu\/hu2\/wp-json\/wp\/v2\/pages\/118\/revisions\/5518"}],"up":[{"embeddable":true,"href":"http:\/\/www.si-hu.eu\/hu2\/wp-json\/wp\/v2\/pages\/114"}],"wp:attachment":[{"href":"http:\/\/www.si-hu.eu\/hu2\/wp-json\/wp\/v2\/media?parent=118"}],"curies":[{"name":"wp","href":"https:\/\/api.w.org\/{rel}","templated":true}]}}