{"id":122,"date":"2015-10-03T13:31:31","date_gmt":"2015-10-03T12:31:31","guid":{"rendered":"http:\/\/84.39.218.252\/si2\/?page_id=122"},"modified":"2022-02-03T10:14:06","modified_gmt":"2022-02-03T09:14:06","slug":"nacionalni-organi-v-sloveniji","status":"publish","type":"page","link":"http:\/\/www.si-hu.eu\/hu2\/o-nas\/nacionalni-organi-v-sloveniji\/","title":{"rendered":"Nacionalni organi v Sloveniji"},"content":{"rendered":"<div id='layer_slider_1'  class='avia-layerslider main_color avia-shadow  avia-builder-el-0  el_before_av_one_third  avia-builder-el-first  container_wrap sidebar_right'  style='height: 1px;'  ><div id=\"layerslider_6_wbhggpxoopqq\" class=\"ls-wp-container fitvidsignore\" style=\"width:1280px;height:720px;margin:0 auto;\"><div class=\"ls-slide\" ><\/div><\/div><\/div><div id='after_layer_slider_1'  class='main_color av_default_container_wrap container_wrap sidebar_right'  ><div class='container av-section-cont-open' ><div class='template-page content  av-content-small alpha units'><div class='post-entry post-entry-type-page post-entry-122'><div class='entry-content-wrapper clearfix'>\n\n<style type=\"text\/css\" data-created_by=\"avia_inline_auto\" id=\"style-css-av-ows1m-ff74ca790a417560cb6bc7f441fc8a82\">\n.flex_column.av-ows1m-ff74ca790a417560cb6bc7f441fc8a82{\nborder-radius:0px 0px 0px 0px;\n-webkit-border-radius:0px 0px 0px 0px;\n-moz-border-radius:0px 0px 0px 0px;\n}\n<\/style>\n<div class='flex_column av-ows1m-ff74ca790a417560cb6bc7f441fc8a82 av_one_third  avia-builder-el-1  el_after_av_layerslider  el_before_av_two_third  avia-builder-el-first  first flex_column_div av-zero-column-padding '   ><section  class='av_textblock_section av-28cua-b0a20cac847764b2eae84ecf36378917'  itemscope=\"itemscope\" itemtype=\"https:\/\/schema.org\/CreativeWork\" ><div class='avia_textblock'  itemprop=\"text\" ><h2>Nemzeti Hat\u00f3s\u00e1gok (NHk)<\/h2>\n<h3>Szlov\u00e9nia:<\/h3>\n<p><strong>Szlov\u00e9n K\u00f6zt\u00e1rsas\u00e1g Fejleszt\u00e9si \u00e9s Eur\u00f3pai Koh\u00e9zi\u00f3s Politik\u00e1\u00e9rt Felel\u0151s Korm\u00e1nyhivatala <\/strong><\/p>\n<p><em>Eur\u00f3pai Ter\u00fcleti Egy\u00fcttm\u0171k\u00f6d\u00e9sek\u00e9rt \u00e9s Finansz\u00edroz\u00e1si Mechanizmusok\u00e9rt felel\u0151s Iroda<\/em><\/p>\n<p><em>Hat\u00e1ron \u00c1tny\u00fal\u00f3 Egy\u00fcttm\u0171k\u00f6d\u00e9si Programok Ir\u00e1ny\u00edt\u00e1si F\u0151oszt\u00e1ly<\/em><\/p>\n<p><strong>Kapcsolattart\u00f3 szem\u00e9ly:<\/strong> Anton Pavlin<br \/>\ntel. + 386 (0)1 400 3421<br \/>\nKotnikova 5<br \/>\nSI-1000 Ljubljana<br \/>\ne-mail: anton.pavlin@gov.si<\/p>\n<h3>Magyarorsz\u00e1g:<\/h3>\n<h4><strong>K\u00fclgazdas\u00e1gi \u00e9s K\u00fcl\u00fcgyminiszt\u00e9rium<\/strong><\/h4>\n<p>Bem rakpart 47., 1027 Budapest<\/p>\n<p><strong>Kapcsolattart\u00f3 szem\u00e9ly: Orsolya Judit Hal\u00e1szi<\/strong><\/p>\n<p>Tel: +36 (06) 1-458-1029<\/p>\n<p>e-mail: orsolya.halaszi@mfa.gov.hu<\/p>\n<\/div><\/section><\/div>\n<style type=\"text\/css\" data-created_by=\"avia_inline_auto\" id=\"style-css-av-g26wq-5d41e7fbfa3c8f3a4bc101426b80e269\">\n.flex_column.av-g26wq-5d41e7fbfa3c8f3a4bc101426b80e269{\nborder-radius:0px 0px 0px 0px;\n-webkit-border-radius:0px 0px 0px 0px;\n-moz-border-radius:0px 0px 0px 0px;\n}\n<\/style>\n<div class='flex_column av-g26wq-5d41e7fbfa3c8f3a4bc101426b80e269 av_two_third  avia-builder-el-3  el_after_av_one_third  avia-builder-el-last  flex_column_div av-zero-column-padding '   ><section  class='av_textblock_section av-7jyzm-b8739d5ea652b8db84eebce6f212b164'  itemscope=\"itemscope\" itemtype=\"https:\/\/schema.org\/CreativeWork\" ><div class='avia_textblock'  itemprop=\"text\" ><p><strong>A tag\u00e1llamok (NHk) f\u0151 felel\u0151ss\u00e9gei:<\/strong><\/p>\n<ul>\n<li>Nemzeti Hat\u00f3s\u00e1gk\u00e9nt a tag\u00e1llamok jel\u00f6lik az MB tagjait \u00e9s viselik a p\u00e9nz\u00fcgyi felel\u0151ss\u00e9get;<\/li>\n<li>nemzeti hiteles\u00edt\u0151 szervk\u00e9nt felel\u0151sek a ter\u00fclet\u00fck\u00f6n l\u00e9v\u0151 kedvezm\u00e9nyezettek k\u00f6lts\u00e9geinek hiteles\u00edt\u00e9s\u00e9\u00e9rt;<\/li>\n<li>az Ellen\u0151ri Csoport tagjak\u00e9nt r\u00e9szt vesznek az ellen\u0151rz\u00e9si tev\u00e9kenys\u00e9gben \u00e9s felel\u0151sek a ter\u00fclet\u00fck\u00f6n v\u00e9grehajtott ellen\u0151rz\u00e9sek\u00e9rt.<\/li>\n<\/ul>\n<\/div><\/section><\/div><\/p>\n","protected":false},"excerpt":{"rendered":"","protected":false},"author":3,"featured_media":0,"parent":114,"menu_order":0,"comment_status":"closed","ping_status":"closed","template":"","meta":{"ngg_post_thumbnail":0},"acf":[],"_links":{"self":[{"href":"http:\/\/www.si-hu.eu\/hu2\/wp-json\/wp\/v2\/pages\/122"}],"collection":[{"href":"http:\/\/www.si-hu.eu\/hu2\/wp-json\/wp\/v2\/pages"}],"about":[{"href":"http:\/\/www.si-hu.eu\/hu2\/wp-json\/wp\/v2\/types\/page"}],"author":[{"embeddable":true,"href":"http:\/\/www.si-hu.eu\/hu2\/wp-json\/wp\/v2\/users\/3"}],"replies":[{"embeddable":true,"href":"http:\/\/www.si-hu.eu\/hu2\/wp-json\/wp\/v2\/comments?post=122"}],"version-history":[{"count":13,"href":"http:\/\/www.si-hu.eu\/hu2\/wp-json\/wp\/v2\/pages\/122\/revisions"}],"predecessor-version":[{"id":5606,"href":"http:\/\/www.si-hu.eu\/hu2\/wp-json\/wp\/v2\/pages\/122\/revisions\/5606"}],"up":[{"embeddable":true,"href":"http:\/\/www.si-hu.eu\/hu2\/wp-json\/wp\/v2\/pages\/114"}],"wp:attachment":[{"href":"http:\/\/www.si-hu.eu\/hu2\/wp-json\/wp\/v2\/media?parent=122"}],"curies":[{"name":"wp","href":"https:\/\/api.w.org\/{rel}","templated":true}]}}

<div id='layer_slider_1'  class='avia-layerslider main_color avia-shadow  avia-builder-el-0  el_before_av_one_third  avia-builder-el-first  container_wrap sidebar_right'  style='height: 1px;'  ><div id="layerslider_6_wbhggpxoopqq" class="ls-wp-container fitvidsignore" style="width:1280px;height:720px;margin:0 auto;"><div class="ls-slide" ></div></div></div><div id='after_layer_slider_1'  class='main_color av_default_container_wrap container_wrap sidebar_right'  ><div class='container av-section-cont-open' ><div class='template-page content  av-content-small alpha units'><div class='post-entry post-entry-type-page post-entry-122'><div class='entry-content-wrapper clearfix'>

<style type="text/css" data-created_by="avia_inline_auto" id="style-css-av-ows1m-ff74ca790a417560cb6bc7f441fc8a82">
.flex_column.av-ows1m-ff74ca790a417560cb6bc7f441fc8a82{
border-radius:0px 0px 0px 0px;
-webkit-border-radius:0px 0px 0px 0px;
-moz-border-radius:0px 0px 0px 0px;
}
</style>
<div class='flex_column av-ows1m-ff74ca790a417560cb6bc7f441fc8a82 av_one_third  avia-builder-el-1  el_after_av_layerslider  el_before_av_two_third  avia-builder-el-first  first flex_column_div av-zero-column-padding '   ><section  class='av_textblock_section av-28cua-b0a20cac847764b2eae84ecf36378917'  itemscope="itemscope" itemtype="https://schema.org/CreativeWork" ><div class='avia_textblock'  itemprop="text" ><h2>Nemzeti Hatóságok (NHk)</h2>
<h3>Szlovénia:</h3>
<p><strong>Szlovén Köztársaság Fejlesztési és Európai Kohéziós Politikáért Felelős Kormányhivatala </strong></p>
<p><em>Európai Területi Együttműködésekért és Finanszírozási Mechanizmusokért felelős Iroda</em></p>
<p><em>Határon Átnyúló Együttműködési Programok Irányítási Főosztály</em></p>
<p><strong>Kapcsolattartó személy:</strong> Anton Pavlin<br />
tel. + 386 (0)1 400 3421<br />
Kotnikova 5<br />
SI-1000 Ljubljana<br />
e-mail: anton.pavlin@gov.si</p>
<h3>Magyarország:</h3>
<h4><strong>Külgazdasági és Külügyminisztérium</strong></h4>
<p>Bem rakpart 47., 1027 Budapest</p>
<p><strong>Kapcsolattartó személy: Orsolya Judit Halászi</strong></p>
<p>Tel: +36 (06) 1-458-1029</p>
<p>e-mail: orsolya.halaszi@mfa.gov.hu</p>
</div></section></div>
<style type="text/css" data-created_by="avia_inline_auto" id="style-css-av-g26wq-5d41e7fbfa3c8f3a4bc101426b80e269">
.flex_column.av-g26wq-5d41e7fbfa3c8f3a4bc101426b80e269{
border-radius:0px 0px 0px 0px;
-webkit-border-radius:0px 0px 0px 0px;
-moz-border-radius:0px 0px 0px 0px;
}
</style>
<div class='flex_column av-g26wq-5d41e7fbfa3c8f3a4bc101426b80e269 av_two_third  avia-builder-el-3  el_after_av_one_third  avia-builder-el-last  flex_column_div av-zero-column-padding '   ><section  class='av_textblock_section av-7jyzm-b8739d5ea652b8db84eebce6f212b164'  itemscope="itemscope" itemtype="https://schema.org/CreativeWork" ><div class='avia_textblock'  itemprop="text" ><p><strong>A tagállamok (NHk) fő felelősségei:</strong></p>
<ul>
<li>Nemzeti Hatóságként a tagállamok jelölik az MB tagjait és viselik a pénzügyi felelősséget;</li>
<li>nemzeti hitelesítő szervként felelősek a területükön lévő kedvezményezettek költségeinek hitelesítéséért;</li>
<li>az Ellenőri Csoport tagjaként részt vesznek az ellenőrzési tevékenységben és felelősek a területükön végrehajtott ellenőrzésekért.</li>
</ul>
</div></section></div></p>
