{"id":127,"date":"2015-10-03T13:36:48","date_gmt":"2015-10-03T12:36:48","guid":{"rendered":"http:\/\/84.39.218.252\/si2\/?page_id=127"},"modified":"2021-11-09T13:34:58","modified_gmt":"2021-11-09T12:34:58","slug":"prvostopenjska-kontrola","status":"publish","type":"page","link":"http:\/\/www.si-hu.eu\/hu2\/o-nas\/prvostopenjska-kontrola\/","title":{"rendered":"Prvostopenjska kontrola"},"content":{"rendered":"<div id='layer_slider_1'  class='avia-layerslider main_color avia-shadow  avia-builder-el-0  el_before_av_one_half  avia-builder-el-first  container_wrap sidebar_right'  style='height: 151px;'  ><div id=\"layerslider_4_1a10owpkgmg5r\" class=\"ls-wp-container fitvidsignore\" style=\"width:1600px;height:150px;margin:0 auto;margin-bottom: 0px;\"><div class=\"ls-slide\" data-ls=\"duration:5000;\"><img width=\"2048\" height=\"321\" src=\"http:\/\/www.si-hu.eu\/hu2\/wp-content\/uploads\/sites\/10\/layerslider\/ENSubSlider\/Clouds.jpg\" class=\"ls-bg\" alt=\"\" srcset=\"http:\/\/www.si-hu.eu\/hu2\/wp-content\/uploads\/sites\/10\/layerslider\/ENSubSlider\/Clouds.jpg 2048w, http:\/\/www.si-hu.eu\/hu2\/wp-content\/uploads\/sites\/10\/layerslider\/ENSubSlider\/Clouds-300x47.jpg 300w, http:\/\/www.si-hu.eu\/hu2\/wp-content\/uploads\/sites\/10\/layerslider\/ENSubSlider\/Clouds-1030x161.jpg 1030w, http:\/\/www.si-hu.eu\/hu2\/wp-content\/uploads\/sites\/10\/layerslider\/ENSubSlider\/Clouds-600x94.jpg 600w, http:\/\/www.si-hu.eu\/hu2\/wp-content\/uploads\/sites\/10\/layerslider\/ENSubSlider\/Clouds-1500x235.jpg 1500w, http:\/\/www.si-hu.eu\/hu2\/wp-content\/uploads\/sites\/10\/layerslider\/ENSubSlider\/Clouds-705x111.jpg 705w, http:\/\/www.si-hu.eu\/hu2\/wp-content\/uploads\/sites\/10\/layerslider\/ENSubSlider\/Clouds-450x71.jpg 450w\" sizes=\"(max-width: 2048px) 100vw, 2048px\" \/><h2 style=\"padding-top:10px;padding-right:10px;padding-bottom:10px;padding-left:10px;color:#ffffff;background:#436f4d;border-radius:15px;top:80px;left:40px;\" class=\"ls-l ls-text-layer\" data-ls=\"offsetxin:80;offsetxout:-80;durationout:400;parallaxlevel:0;\">Interreg V-A Szlov&eacute;nia-Magyarorsz&aacute;g Egy&uuml;ttm&#369;k&ouml;d&eacute;si Program<\/h2><\/div><div class=\"ls-slide\" data-ls=\"duration:4000;\"><img width=\"1600\" height=\"150\" src=\"http:\/\/www.si-hu.eu\/hu2\/wp-content\/uploads\/sites\/10\/layerslider\/ENSubSlider\/lipa.png\" class=\"ls-bg\" alt=\"\" srcset=\"http:\/\/www.si-hu.eu\/hu2\/wp-content\/uploads\/sites\/10\/layerslider\/ENSubSlider\/lipa.png 1600w, http:\/\/www.si-hu.eu\/hu2\/wp-content\/uploads\/sites\/10\/layerslider\/ENSubSlider\/lipa-300x28.png 300w, http:\/\/www.si-hu.eu\/hu2\/wp-content\/uploads\/sites\/10\/layerslider\/ENSubSlider\/lipa-1030x97.png 1030w, http:\/\/www.si-hu.eu\/hu2\/wp-content\/uploads\/sites\/10\/layerslider\/ENSubSlider\/lipa-600x56.png 600w, http:\/\/www.si-hu.eu\/hu2\/wp-content\/uploads\/sites\/10\/layerslider\/ENSubSlider\/lipa-1500x141.png 1500w, http:\/\/www.si-hu.eu\/hu2\/wp-content\/uploads\/sites\/10\/layerslider\/ENSubSlider\/lipa-705x66.png 705w, http:\/\/www.si-hu.eu\/hu2\/wp-content\/uploads\/sites\/10\/layerslider\/ENSubSlider\/lipa-450x42.png 450w\" sizes=\"(max-width: 1600px) 100vw, 1600px\" \/><h2 style=\"padding-top:10px;padding-right:10px;padding-bottom:10px;padding-left:10px;color:#ffffff;background:#436f4d;border-radius:15px;top:25px;left:600px;\" class=\"ls-l ls-text-layer\" data-ls=\"offsetxin:80;offsetxout:-80;durationout:400;parallaxlevel:0;\">Interreg V-A Szlov&eacute;nia-Magyarorsz&aacute;g Egy&uuml;ttm&#369;k&ouml;d&eacute;si Program<\/h2><\/div><\/div><\/div><div id='after_layer_slider_1'  class='main_color av_default_container_wrap container_wrap sidebar_right'  ><div class='container av-section-cont-open' ><div class='template-page content  av-content-small alpha units'><div class='post-entry post-entry-type-page post-entry-127'><div class='entry-content-wrapper clearfix'>\n\n<style type=\"text\/css\" data-created_by=\"avia_inline_auto\" id=\"style-css-av-av_one_half-6126cab7d8fab8d08143dd2dacdf673c\">\n.flex_column.av-av_one_half-6126cab7d8fab8d08143dd2dacdf673c{\nborder-radius:0px 0px 0px 0px;\n-webkit-border-radius:0px 0px 0px 0px;\n-moz-border-radius:0px 0px 0px 0px;\n}\n<\/style>\n<div class='flex_column av-av_one_half-6126cab7d8fab8d08143dd2dacdf673c av_one_half  avia-builder-el-1  el_after_av_layerslider  el_before_av_one_half  avia-builder-el-first  first flex_column_div av-zero-column-padding '   ><p>\n<style type=\"text\/css\" data-created_by=\"avia_inline_auto\" id=\"style-css-av-av_heading-b192893fa2dfc06f6bd1ab44e5a1a92e\">\n#top .av-special-heading.av-av_heading-b192893fa2dfc06f6bd1ab44e5a1a92e{\npadding-bottom:10px;\n}\nbody .av-special-heading.av-av_heading-b192893fa2dfc06f6bd1ab44e5a1a92e .av-special-heading-tag .heading-char{\nfont-size:25px;\n}\n.av-special-heading.av-av_heading-b192893fa2dfc06f6bd1ab44e5a1a92e .av-subheading{\nfont-size:15px;\n}\n<\/style>\n<div  class='av-special-heading av-av_heading-b192893fa2dfc06f6bd1ab44e5a1a92e av-special-heading-h3  avia-builder-el-2  el_before_av_team_member  avia-builder-el-first '><h3 class='av-special-heading-tag'  itemprop=\"headline\"  >Els\u0151 szint\u0171 ellen\u0151rz\u00e9s Szlov\u00e9ni\u00e1ban<\/h3><div class=\"special-heading-border\"><div class=\"special-heading-inner-border\"><\/div><\/div><\/div><br \/>\n<section  class='avia-team-member av-av_team_member-c330a2413e7bbb4cecc348f857d98111  avia-builder-el-3  el_after_av_heading  el_before_av_team_member '  itemscope=\"itemscope\" itemtype=\"https:\/\/schema.org\/Person\" ><h3 class='team-member-name '  itemprop=\"name\" >Ksenija Gori\u010dan<\/h3><div class='team-member-job-title '  itemprop=\"jobTitle\" >kapcsolattart\u00f3<\/div><div class='team-member-description '  itemprop=\"description\" ><p>Slu\u017eba Vlade Republike Slovenije za razvoj in evropsko kohezijsko politiko (SVRK)<br \/>\nSektor za kontrolo<br \/>\nOddelek za kontrolo Cilj 2<br \/>\nKotnikova 5<br \/>\n1000 Ljubljana<br \/>\nSlovenija<\/p>\n<p>Tel: +386 (0)1 400 3145<br \/>\nE-po\u0161ta: ksenija.gorican@gov.si<br \/>\nE-po\u0161ta: kontrola.si-hu.svrk@gov.si<br \/>\nwww.svrk.gov.si<\/p>\n<\/div><span class='hidden team-member-affiliation'  itemprop=\"affiliation\" >HU Interreg V-A Slovenia-Hungary<\/span><\/section><br \/>\n<section  class='avia-team-member av-av_team_member-44172a4e35ebbe9609930b91cd6d4bb1  avia-builder-el-4  el_after_av_team_member  avia-builder-el-last '  itemscope=\"itemscope\" itemtype=\"https:\/\/schema.org\/Person\" ><h3 class='team-member-name '  itemprop=\"name\" >Mateja Vegi\u010d<\/h3><div class='team-member-job-title '  itemprop=\"jobTitle\" >kapcsolattart\u00f3<\/div><div class='team-member-description '  itemprop=\"description\" ><p>Slu\u017eba Vlade Republike Slovenije za razvoj in evropsko kohezijsko politiko (SVRK)<br \/>\nSektor za kontrolo<br \/>\nOddelek za kontrolo Cilj 2<br \/>\nKotnikova 5<br \/>\n1000 Ljubljana<br \/>\nSlovenija<\/p>\n<p>Tel: +386 (0)1 400 3169<br \/>\nE-po\u0161ta: mateja.vegic@gov.si<br \/>\nE-po\u0161ta: kontrola.si-hu.svrk@gov.si<br \/>\nwww.svrk.gov.si<\/p>\n<\/div><span class='hidden team-member-affiliation'  itemprop=\"affiliation\" >HU Interreg V-A Slovenia-Hungary<\/span><\/section><\/p><\/div>\n<style type=\"text\/css\" data-created_by=\"avia_inline_auto\" id=\"style-css-av-av_one_half-0aa7055fe62c3622faec82866afbaeb2\">\n.flex_column.av-av_one_half-0aa7055fe62c3622faec82866afbaeb2{\nborder-radius:0px 0px 0px 0px;\n-webkit-border-radius:0px 0px 0px 0px;\n-moz-border-radius:0px 0px 0px 0px;\n}\n<\/style>\n<div class='flex_column av-av_one_half-0aa7055fe62c3622faec82866afbaeb2 av_one_half  avia-builder-el-5  el_after_av_one_half  el_before_av_one_full  flex_column_div av-zero-column-padding '   ><p>\n<style type=\"text\/css\" data-created_by=\"avia_inline_auto\" id=\"style-css-av-av_heading-9e92aa56385e11c90b4a267c61233998\">\n#top .av-special-heading.av-av_heading-9e92aa56385e11c90b4a267c61233998{\npadding-bottom:10px;\n}\nbody .av-special-heading.av-av_heading-9e92aa56385e11c90b4a267c61233998 .av-special-heading-tag .heading-char{\nfont-size:25px;\n}\n.av-special-heading.av-av_heading-9e92aa56385e11c90b4a267c61233998 .av-subheading{\nfont-size:15px;\n}\n<\/style>\n<div  class='av-special-heading av-av_heading-9e92aa56385e11c90b4a267c61233998 av-special-heading-h3  avia-builder-el-6  el_before_av_team_member  avia-builder-el-first '><h3 class='av-special-heading-tag'  itemprop=\"headline\"  >Els\u0151 szint\u0171 ellen\u0151rz\u00e9s Magyarorsz\u00e1gon<\/h3><div class=\"special-heading-border\"><div class=\"special-heading-inner-border\"><\/div><\/div><\/div><br \/>\n<section  class='avia-team-member av-av_team_member-e13992275c75e2f81f47654cf7657ca0  avia-builder-el-7  el_after_av_heading  avia-builder-el-last '  itemscope=\"itemscope\" itemtype=\"https:\/\/schema.org\/Person\" ><div class='team-member-description '  itemprop=\"description\" ><p>Sz\u00e9chenyi Programiroda Tan\u00e1csad\u00f3 \u00e9s Szolg\u00e1ltat\u00f3 Nonprofit Kft.<\/p>\n<p>Pet\u0151fi S\u00e1ndor utca 24.<\/p>\n<p>HU-8900 Zalaegerszeg<\/p>\n<p>sihu_flc@szpi.hu<\/p>\n<\/div><span class='hidden team-member-affiliation'  itemprop=\"affiliation\" >HU Interreg V-A Slovenia-Hungary<\/span><\/section><\/p><\/div><\/p>\n\n<style type=\"text\/css\" data-created_by=\"avia_inline_auto\" id=\"style-css-av-av_one_full-352b07ef7d3bc99b2e9f92e7a9e06bdb\">\n.flex_column.av-av_one_full-352b07ef7d3bc99b2e9f92e7a9e06bdb{\nborder-radius:0px 0px 0px 0px;\n-webkit-border-radius:0px 0px 0px 0px;\n-moz-border-radius:0px 0px 0px 0px;\n}\n<\/style>\n<div class='flex_column av-av_one_full-352b07ef7d3bc99b2e9f92e7a9e06bdb av_one_full  avia-builder-el-8  el_after_av_one_half  avia-builder-el-last  first flex_column_div av-zero-column-padding column-top-margin'   ><section  class='av_textblock_section av-av_textblock-0366cc7376be6c9e82a3e9cc8987b64f'  itemscope=\"itemscope\" itemtype=\"https:\/\/schema.org\/CreativeWork\" ><div class='avia_textblock'  itemprop=\"text\" ><p>A k\u00f6lts\u00e9ghiteles\u00edt\u00e9si feladat ell\u00e1t\u00e1sa \u00e9rdek\u00e9ben a VR 74. cikk\u00e9nek \u00e9s az ETE rendelet 23. (3) cikk\u00e9nek megfelel\u0151en a k\u00e9t tag\u00e1llam nemzeti szinten kijel\u00f6lte az els\u0151 szint\u0171 hiteles\u00edt\u00e9s\u00e9rt felel\u0151s szervezetet. A hat\u00e1sk\u00f6r\u00fckbe es\u0151 ter\u00fcletre az NHk jel\u00f6lik ki az els\u0151 szint\u0171 hiteles\u00edt\u00e9s\u00e9rt felel\u0151s szervezetet a kijel\u00f6l\u00e9si elj\u00e1r\u00e1s sor\u00e1n (l\u00e1st 26. t\u00e1bla). Az els\u0151 szint\u0171 hiteles\u00edt\u0151k felel\u0151sek a VR 125. (4) cikk szerinti hiteles\u00edt\u00e9si tev\u00e9kenys\u00e9g ell\u00e1t\u00e1s\u00e1\u00e9rt. Tekintettel arra, hogy nemzeti szinten nem v\u00e1rhat\u00f3 v\u00e1ltoz\u00e1s a v\u00e9grehajt\u00e1si rendszerrel kapcsolatos meg\u00e1llapod\u00e1sokban, a jelenleg m\u0171k\u00f6d\u0151, az ETE programok hiteles\u00edt\u00e9s\u00e9t m\u00e1s EU-s forr\u00e1sokt\u00f3l k\u00fcl\u00f6n kezel\u0151 rendszer m\u0171k\u00f6dik tov\u00e1bb.<\/p>\n<p>Az IH k\u00f6teles meggy\u0151z\u0151dni arr\u00f3l, hogy minden, a programban r\u00e9szt vev\u0151 kedvezm\u00e9nyezett k\u00f6lts\u00e9gei a kijel\u00f6lt hiteles\u00edt\u0151k \u00e1ltal hiteles\u00edt\u00e9sre ker\u00fcltek. Mindk\u00e9t tag\u00e1llam felel\u0151s a ter\u00fclet\u00e9n v\u00e9gzett hiteles\u00edt\u00e9sek\u00e9rt. Mindk\u00e9t orsz\u00e1g felel\u0151s hiteles\u00edt\u0151 szervezete megvizsg\u00e1lja a partner \u00e1ltal beny\u00fajtott sz\u00e1ml\u00e1kat, k\u00f6nyvel\u00e9si dokumentumokat, vagy ezzel egyen\u00e9rt\u00e9k\u0171 dokumentumokat \u00e9s igazolja, hogy az \u00e1ruk \u00e9s szolg\u00e1ltat\u00e1sok teljes\u00edt\u00e9se t\u00e1rsfinansz\u00edrozott, a kiad\u00e1sok hat\u00e9konys\u00e1ga deklar\u00e1lt \u00e9s hogy a k\u00f6lts\u00e9gek \u00e9s a kapcsol\u00f3d\u00f3 projektr\u00e9szek megfelelnek a relev\u00e1ns EU \u00e9s nemzeti szab\u00e1lyokkal. A hiteles\u00edt\u00e9s dokumentum alapon \u00e9s helysz\u00edni ellen\u0151rz\u00e9seken kereszt\u00fcl t\u00f6rt\u00e9nik. Az els\u0151 szint\u0171 hiteles\u00edt\u00e9sre kijel\u00f6lt szervezet mindk\u00e9t orsz\u00e1gban hiteles\u00edt\u00e9si nyilatkozatot &nbsp;\u00e1ll\u00edt ki a programban alkalmazott standard formanyomtatv\u00e1nynak megfelel\u0151en.<\/p>\n<\/div><\/section><\/div>\n","protected":false},"excerpt":{"rendered":"","protected":false},"author":3,"featured_media":0,"parent":114,"menu_order":0,"comment_status":"closed","ping_status":"closed","template":"","meta":{"ngg_post_thumbnail":0},"acf":[],"_links":{"self":[{"href":"http:\/\/www.si-hu.eu\/hu2\/wp-json\/wp\/v2\/pages\/127"}],"collection":[{"href":"http:\/\/www.si-hu.eu\/hu2\/wp-json\/wp\/v2\/pages"}],"about":[{"href":"http:\/\/www.si-hu.eu\/hu2\/wp-json\/wp\/v2\/types\/page"}],"author":[{"embeddable":true,"href":"http:\/\/www.si-hu.eu\/hu2\/wp-json\/wp\/v2\/users\/3"}],"replies":[{"embeddable":true,"href":"http:\/\/www.si-hu.eu\/hu2\/wp-json\/wp\/v2\/comments?post=127"}],"version-history":[{"count":7,"href":"http:\/\/www.si-hu.eu\/hu2\/wp-json\/wp\/v2\/pages\/127\/revisions"}],"predecessor-version":[{"id":5507,"href":"http:\/\/www.si-hu.eu\/hu2\/wp-json\/wp\/v2\/pages\/127\/revisions\/5507"}],"up":[{"embeddable":true,"href":"http:\/\/www.si-hu.eu\/hu2\/wp-json\/wp\/v2\/pages\/114"}],"wp:attachment":[{"href":"http:\/\/www.si-hu.eu\/hu2\/wp-json\/wp\/v2\/media?parent=127"}],"curies":[{"name":"wp","href":"https:\/\/api.w.org\/{rel}","templated":true}]}}