{"id":189,"date":"2015-10-02T21:19:30","date_gmt":"2015-10-02T20:19:30","guid":{"rendered":"http:\/\/84.39.218.252\/si2\/?page_id=26"},"modified":"2015-12-17T16:20:56","modified_gmt":"2015-12-17T15:20:56","slug":"cilji-programa","status":"publish","type":"page","link":"http:\/\/www.si-hu.eu\/hu2\/program\/cilji-programa\/","title":{"rendered":"Cilji programa"},"content":{"rendered":"<div id='layer_slider_1'  class='avia-layerslider main_color avia-shadow  avia-builder-el-0  el_before_av_one_fourth  avia-builder-el-first  container_wrap sidebar_right'  style='height: 1px;'  ><div id=\"layerslider_6_1cbrcjuqzztc4\" class=\"ls-wp-container fitvidsignore\" style=\"width:1280px;height:720px;margin:0 auto;\"><div class=\"ls-slide\" ><\/div><\/div><\/div><div id='after_layer_slider_1'  class='main_color av_default_container_wrap container_wrap sidebar_right'  ><div class='container av-section-cont-open' ><div class='template-page content  av-content-small alpha units'><div class='post-entry post-entry-type-page post-entry-189'><div class='entry-content-wrapper clearfix'>\n\n<style type=\"text\/css\" data-created_by=\"avia_inline_auto\" id=\"style-css-av-av_one_fourth-352b07ef7d3bc99b2e9f92e7a9e06bdb\">\n.flex_column.av-av_one_fourth-352b07ef7d3bc99b2e9f92e7a9e06bdb{\nborder-radius:0px 0px 0px 0px;\n-webkit-border-radius:0px 0px 0px 0px;\n-moz-border-radius:0px 0px 0px 0px;\n}\n<\/style>\n<div class='flex_column av-av_one_fourth-352b07ef7d3bc99b2e9f92e7a9e06bdb av_one_fourth  avia-builder-el-1  el_after_av_layerslider  el_before_av_two_third  avia-builder-el-first  first flex_column_div av-zero-column-padding '   ><section  class='av_textblock_section av-av_textblock-0366cc7376be6c9e82a3e9cc8987b64f'  itemscope=\"itemscope\" itemtype=\"https:\/\/schema.org\/CreativeWork\" ><div class='avia_textblock'  itemprop=\"text\" ><h2>A Program c\u00e9lkit\u0171z\u00e9sei<\/h2>\n<p>Az Egy\u00fcttm\u0171k\u00f6d\u00e9si Program f\u0151 c\u00e9ljai a k\u00f6vetkez\u0151k:<\/p>\n<\/div><\/section><\/div>\n<style type=\"text\/css\" data-created_by=\"avia_inline_auto\" id=\"style-css-av-av_two_third-2a64de42b738552fe666ca889af77e28\">\n.flex_column.av-av_two_third-2a64de42b738552fe666ca889af77e28{\nborder-radius:0px 0px 0px 0px;\n-webkit-border-radius:0px 0px 0px 0px;\n-moz-border-radius:0px 0px 0px 0px;\n}\n<\/style>\n<div class='flex_column av-av_two_third-2a64de42b738552fe666ca889af77e28 av_two_third  avia-builder-el-3  el_after_av_one_fourth  avia-builder-el-last  flex_column_div av-zero-column-padding '   ><section  class='av_textblock_section av-av_textblock-0366cc7376be6c9e82a3e9cc8987b64f'  itemscope=\"itemscope\" itemtype=\"https:\/\/schema.org\/CreativeWork\" ><div class='avia_textblock'  itemprop=\"text\" ><p style=\"text-align: justify;\"><strong>A program \u00e1tfog\u00f3 j\u00f6v\u0151k\u00e9pe<\/strong>, hogy a t\u00e9rs\u00e9g olyan ter\u00fclett\u00e9 v\u00e1lik, amely vonz\u00f3 \u00e9l\u0151helyet, munkahelyet, befektet\u00e9si lehet\u0151s\u00e9get biztos\u00edt \u00fagy, hogy a helyi term\u00e9szeti \u00e9s kultur\u00e1lis \u00e9rt\u00e9kekre \u00e9p\u00edt a turizmusban, ezen kereszt\u00fcl kataliz\u00e1lva a teljes t\u00e9rs\u00e9g fejl\u0151d\u00e9s\u00e9t, m\u00e1sr\u00e9szr\u0151l pedig megc\u00e9lozza a k\u00f6z\u00f6s hat\u00e1rt\u00e9rs\u00e9gi probl\u00e9m\u00e1k megold\u00e1s\u00e1t hat\u00e1ron \u00e1tny\u00fal\u00f3 szinten.<\/p>\n<p style=\"text-align: justify;\"><strong>A specifikus c\u00e9lkit\u0171z\u00e9sek a k\u00f6vetkez\u0151k<\/strong>:<\/p>\n<ul>\n<li style=\"text-align: justify;\">a term\u00e9szeti \u00e9s kultur\u00e1lis \u00e9rt\u00e9kek jobb hasznos\u00edt\u00e1sa egy\u00fcttm\u0171k\u00f6d\u00e9s r\u00e9v\u00e9n a turizmusban, mint a r\u00e9gi\u00f3 versenyk\u00e9pess\u00e9g\u00e9nek legfontosabb, \u201eleg munkaer\u0151-ig\u00e9nyesebb\u201d \u00e1gazat\u00e1ban,<\/li>\n<li style=\"text-align: justify;\">a helyi gazdas\u00e1g fejleszt\u00e9se (helyben el\u00e9rhet\u0151 munkahelyek teremt\u00e9se, \u00faj v\u00e1llalkoz\u00e1sok l\u00e9trehoz\u00e1sa) a vid\u00e9ki t\u00e9rs\u00e9gekben a turizmus fejleszt\u00e9se r\u00e9v\u00e9n, a t\u00e1volabbi agr\u00e1rtelep\u00fcl\u00e9sek kultur\u00e1lis \u00e9s term\u00e9szeti \u00f6r\u00f6ks\u00e9g\u00e9nek a nagyobb turisztikai c\u00e9lpontokkal val\u00f3 \u00f6sszek\u00f6t\u00e9se ment\u00e9n,<\/li>\n<li style=\"text-align: justify;\">tov\u00e1bbfejleszteni a r\u00e9gi\u00f3t, mint &#8220;z\u00f6ld \u00e9s \u00e9lhet\u0151&#8221; m\u00e1rk\u00e1t, a term\u00e9szeti \u00e9s kultur\u00e1lis er\u0151forr\u00e1sok meg\u0151rz\u00e9se \u00e9s a t\u00e1rsadalmi, gazdas\u00e1gi \u00e9s int\u00e9zm\u00e9nyi kapcsolatok fejleszt\u00e9se r\u00e9v\u00e9n,<\/li>\n<li style=\"text-align: justify;\">a hat\u00e1ron \u00e1tny\u00fal\u00f3 egy\u00fcttm\u0171k\u00f6d\u00e9sek kiterjeszt\u00e9se, az \u00e1llami \u00e9s civil szerepl\u0151k int\u00e9zm\u00e9nyi kapacit\u00e1s\u00e1nak er\u0151s\u00edt\u00e9s\u00e9vel a mindk\u00e9t oldal \u00e1ltal defini\u00e1lt k\u00f6lcs\u00f6n\u00f6sen fontos ter\u00fcleteken.<\/li>\n<\/ul>\n<\/div><\/section><\/div><\/p>\n","protected":false},"excerpt":{"rendered":"","protected":false},"author":3,"featured_media":0,"parent":187,"menu_order":0,"comment_status":"closed","ping_status":"closed","template":"","meta":{"ngg_post_thumbnail":0},"acf":[],"_links":{"self":[{"href":"http:\/\/www.si-hu.eu\/hu2\/wp-json\/wp\/v2\/pages\/189"}],"collection":[{"href":"http:\/\/www.si-hu.eu\/hu2\/wp-json\/wp\/v2\/pages"}],"about":[{"href":"http:\/\/www.si-hu.eu\/hu2\/wp-json\/wp\/v2\/types\/page"}],"author":[{"embeddable":true,"href":"http:\/\/www.si-hu.eu\/hu2\/wp-json\/wp\/v2\/users\/3"}],"replies":[{"embeddable":true,"href":"http:\/\/www.si-hu.eu\/hu2\/wp-json\/wp\/v2\/comments?post=189"}],"version-history":[{"count":0,"href":"http:\/\/www.si-hu.eu\/hu2\/wp-json\/wp\/v2\/pages\/189\/revisions"}],"up":[{"embeddable":true,"href":"http:\/\/www.si-hu.eu\/hu2\/wp-json\/wp\/v2\/pages\/187"}],"wp:attachment":[{"href":"http:\/\/www.si-hu.eu\/hu2\/wp-json\/wp\/v2\/media?parent=189"}],"curies":[{"name":"wp","href":"https:\/\/api.w.org\/{rel}","templated":true}]}}

<div id='layer_slider_1'  class='avia-layerslider main_color avia-shadow  avia-builder-el-0  el_before_av_one_fourth  avia-builder-el-first  container_wrap sidebar_right'  style='height: 1px;'  ><div id="layerslider_6_1cbrcjuqzztc4" class="ls-wp-container fitvidsignore" style="width:1280px;height:720px;margin:0 auto;"><div class="ls-slide" ></div></div></div><div id='after_layer_slider_1'  class='main_color av_default_container_wrap container_wrap sidebar_right'  ><div class='container av-section-cont-open' ><div class='template-page content  av-content-small alpha units'><div class='post-entry post-entry-type-page post-entry-189'><div class='entry-content-wrapper clearfix'>

<style type="text/css" data-created_by="avia_inline_auto" id="style-css-av-av_one_fourth-352b07ef7d3bc99b2e9f92e7a9e06bdb">
.flex_column.av-av_one_fourth-352b07ef7d3bc99b2e9f92e7a9e06bdb{
border-radius:0px 0px 0px 0px;
-webkit-border-radius:0px 0px 0px 0px;
-moz-border-radius:0px 0px 0px 0px;
}
</style>
<div class='flex_column av-av_one_fourth-352b07ef7d3bc99b2e9f92e7a9e06bdb av_one_fourth  avia-builder-el-1  el_after_av_layerslider  el_before_av_two_third  avia-builder-el-first  first flex_column_div av-zero-column-padding '   ><section  class='av_textblock_section av-av_textblock-0366cc7376be6c9e82a3e9cc8987b64f'  itemscope="itemscope" itemtype="https://schema.org/CreativeWork" ><div class='avia_textblock'  itemprop="text" ><h2>A Program célkitűzései</h2>
<p>Az Együttműködési Program fő céljai a következők:</p>
</div></section></div>
<style type="text/css" data-created_by="avia_inline_auto" id="style-css-av-av_two_third-2a64de42b738552fe666ca889af77e28">
.flex_column.av-av_two_third-2a64de42b738552fe666ca889af77e28{
border-radius:0px 0px 0px 0px;
-webkit-border-radius:0px 0px 0px 0px;
-moz-border-radius:0px 0px 0px 0px;
}
</style>
<div class='flex_column av-av_two_third-2a64de42b738552fe666ca889af77e28 av_two_third  avia-builder-el-3  el_after_av_one_fourth  avia-builder-el-last  flex_column_div av-zero-column-padding '   ><section  class='av_textblock_section av-av_textblock-0366cc7376be6c9e82a3e9cc8987b64f'  itemscope="itemscope" itemtype="https://schema.org/CreativeWork" ><div class='avia_textblock'  itemprop="text" ><p style="text-align: justify;"><strong>A program átfogó jövőképe</strong>, hogy a térség olyan területté válik, amely vonzó élőhelyet, munkahelyet, befektetési lehetőséget biztosít úgy, hogy a helyi természeti és kulturális értékekre épít a turizmusban, ezen keresztül katalizálva a teljes térség fejlődését, másrészről pedig megcélozza a közös határtérségi problémák megoldását határon átnyúló szinten.</p>
<p style="text-align: justify;"><strong>A specifikus célkitűzések a következők</strong>:</p>
<ul>
<li style="text-align: justify;">a természeti és kulturális értékek jobb hasznosítása együttműködés révén a turizmusban, mint a régió versenyképességének legfontosabb, „leg munkaerő-igényesebb” ágazatában,</li>
<li style="text-align: justify;">a helyi gazdaság fejlesztése (helyben elérhető munkahelyek teremtése, új vállalkozások létrehozása) a vidéki térségekben a turizmus fejlesztése révén, a távolabbi agrártelepülések kulturális és természeti örökségének a nagyobb turisztikai célpontokkal való összekötése mentén,</li>
<li style="text-align: justify;">továbbfejleszteni a régiót, mint &#8220;zöld és élhető&#8221; márkát, a természeti és kulturális erőforrások megőrzése és a társadalmi, gazdasági és intézményi kapcsolatok fejlesztése révén,</li>
<li style="text-align: justify;">a határon átnyúló együttműködések kiterjesztése, az állami és civil szereplők intézményi kapacitásának erősítésével a mindkét oldal által definiált kölcsönösen fontos területeken.</li>
</ul>
</div></section></div></p>
