{"id":191,"date":"2015-10-02T21:23:33","date_gmt":"2015-10-02T20:23:33","guid":{"rendered":"http:\/\/84.39.218.252\/si2\/?page_id=30"},"modified":"2015-12-18T14:39:25","modified_gmt":"2015-12-18T13:39:25","slug":"prednostne-osi","status":"publish","type":"page","link":"http:\/\/www.si-hu.eu\/hu2\/program\/prednostne-osi\/","title":{"rendered":"Prednostne osi"},"content":{"rendered":"<div id='layer_slider_1'  class='avia-layerslider main_color avia-shadow  avia-builder-el-0  el_before_av_one_fifth  avia-builder-el-first  container_wrap sidebar_right'  style='height: 1px;'  ><div id=\"layerslider_6_xkr09kn8pxp0\" class=\"ls-wp-container fitvidsignore\" style=\"width:1280px;height:720px;margin:0 auto;\"><div class=\"ls-slide\" ><\/div><\/div><\/div><div id='after_layer_slider_1'  class='main_color av_default_container_wrap container_wrap sidebar_right'  ><div class='container av-section-cont-open' ><div class='template-page content  av-content-small alpha units'><div class='post-entry post-entry-type-page post-entry-191'><div class='entry-content-wrapper clearfix'>\n\n<style type=\"text\/css\" data-created_by=\"avia_inline_auto\" id=\"style-css-av-av_one_fifth-352b07ef7d3bc99b2e9f92e7a9e06bdb\">\n.flex_column.av-av_one_fifth-352b07ef7d3bc99b2e9f92e7a9e06bdb{\nborder-radius:0px 0px 0px 0px;\n-webkit-border-radius:0px 0px 0px 0px;\n-moz-border-radius:0px 0px 0px 0px;\n}\n<\/style>\n<div class='flex_column av-av_one_fifth-352b07ef7d3bc99b2e9f92e7a9e06bdb av_one_fifth  avia-builder-el-1  el_after_av_layerslider  el_before_av_two_fifth  avia-builder-el-first  first flex_column_div av-zero-column-padding '   ><section  class='av_textblock_section av-av_textblock-0366cc7376be6c9e82a3e9cc8987b64f'  itemscope=\"itemscope\" itemtype=\"https:\/\/schema.org\/CreativeWork\" ><div class='avia_textblock'  itemprop=\"text\" ><h2>Priorit\u00e1si tengelyek<\/h2>\n<p>A Program a k\u00f6vetkez\u0151 priorit\u00e1si tengelyeket c\u00e9lozza meg:<\/p>\n<ol>\n<li>Vonz\u00f3 r\u00e9gi\u00f3<\/li>\n<li>Egy\u00fcttm\u0171k\u00f6d\u0151 r\u00e9gi\u00f3<\/li>\n<\/ol>\n<\/div><\/section><\/div>\n<style type=\"text\/css\" data-created_by=\"avia_inline_auto\" id=\"style-css-av-av_two_fifth-2a64de42b738552fe666ca889af77e28\">\n.flex_column.av-av_two_fifth-2a64de42b738552fe666ca889af77e28{\nborder-radius:0px 0px 0px 0px;\n-webkit-border-radius:0px 0px 0px 0px;\n-moz-border-radius:0px 0px 0px 0px;\n}\n<\/style>\n<div class='flex_column av-av_two_fifth-2a64de42b738552fe666ca889af77e28 av_two_fifth  avia-builder-el-3  el_after_av_one_fifth  el_before_av_two_fifth  flex_column_div av-zero-column-padding '   ><section  class='av_textblock_section av-av_textblock-0366cc7376be6c9e82a3e9cc8987b64f'  itemscope=\"itemscope\" itemtype=\"https:\/\/schema.org\/CreativeWork\" ><div class='avia_textblock'  itemprop=\"text\" ><h2><strong>1. Priorit\u00e1si tengely: VONZ\u00d3 R\u00c9GI\u00d3<\/strong><\/h2>\n<p style=\"text-align: justify;\">A Priorit\u00e1si tengely egy beruh\u00e1z\u00e1si priorit\u00e1st tartalmaz: 6c<\/p>\n<p style=\"text-align: justify;\">A r\u00e9gi\u00f3 magas potenci\u00e1llal rendelkezik a term\u00e9szeti \u00e9s kultur\u00e1lis \u00e9rt\u00e9kek ter\u00e9n, amely er\u0151s b\u00e1zist alkot a fenntarthat\u00f3 turizmus fejleszt\u00e9shez \u00e9s az ahhoz kapcsol\u00f3d\u00f3 tev\u00e9kenys\u00e9gekhez. Mindamellett a r\u00e9gi\u00f3t du\u00e1lis karakter is jellemzi: n\u00e9h\u00e1ny alr\u00e9gi\u00f3 (f\u0151k\u00e9nt term\u00e1lf\u00fcrd\u0151s helysz\u00ednek) j\u00f3l fejlettek, m\u00e9g nemzeti \u00e9s EU-s szinten n\u00e9zve is kiemelked\u0151 eredm\u00e9nyt hozva, ugyanakkor m\u00e1s ter\u00fcletek meg messze a potenci\u00e1ljukon alul teljes\u00edtenek, f\u0151leg az agr\u00e1rtelep\u00fcl\u00e9sek, term\u00e9szeti \u00e9s v\u00e9dett ter\u00fcletek.<\/p>\n<p style=\"text-align: justify;\">A priorit\u00e1si tengely alatt t\u00e1mogatott projektek egyr\u00e9szt a term\u00e9szeti \u00e9s kultur\u00e1lis \u00e9rt\u00e9kek fenntart\u00e1s\u00e1t, m\u00e1sr\u00e9szt pedig az alulteljes\u00edt\u0151 r\u00e9gi\u00f3k turizmus\u00e1nak fejleszt\u00e9s\u00e9t fogj\u00e1k szolg\u00e1lni. Tekintettel a Program korl\u00e1tozott p\u00e9nz\u00fcgyi keret\u00e9re, csak kisl\u00e9pt\u00e9k\u0171 infrastrukt\u00fara fejleszt\u00e9s lehets\u00e9ges a tengely alatt, amely a fejleszt\u00e9si tervekbe beilleszkedik.<\/p>\n<p style=\"text-align: justify;\"><strong>Lehets\u00e9ges egy\u00fcttm\u0171k\u00f6d\u00e9si kulcster\u00fcletek:<\/strong><\/p>\n<ul>\n<li style=\"text-align: justify;\">A term\u00e9szeti \u00e9s kultur\u00e1lis \u00f6r\u00f6ks\u00e9g meg\u0151rz\u00e9se, hasznos\u00edt\u00e1sa \u00e9s promot\u00e1l\u00e1sa fenntarthat\u00f3 turizmuson kereszt\u00fcl,<\/li>\n<li style=\"text-align: justify;\">Agr\u00e1rtelep\u00fcl\u00e9sek, ter\u00fcletek turizmus\u00e1nak fizikai \u00e9s szolg\u00e1ltat\u00e1si infrastrukt\u00far\u00e1j\u00e1nak kialak\u00edt\u00e1sa,<\/li>\n<li style=\"text-align: justify;\">Ter\u00fcleti \u00e9rdekeltek r\u00e9sz\u00e9re seg\u00edts\u00e9g ny\u00fajt\u00e1sa a turisztikai szolg\u00e1ltat\u00e1suk min\u0151s\u00e9g\u00e9nek, hat\u00e9konys\u00e1g\u00e1nak \u00e9s versenyk\u00e9pess\u00e9g\u00e9nek n\u00f6vel\u00e9se c\u00e9lj\u00e1b\u00f3l, p\u00e9ld\u00e1ul h\u00e1l\u00f3zat\u00e9p\u00edt\u00e9ssel, klaszteriz\u00e1ci\u00f3val,<\/li>\n<li style=\"text-align: justify;\">A r\u00e9gi\u00f3 l\u00e1that\u00f3s\u00e1g\u00e1nak, brandingj\u00e9nek fejleszt\u00e9se kommunik\u00e1ci\u00f3n kereszt\u00fcl (IKT eszk\u00f6z\u00f6k),<\/li>\n<li style=\"text-align: justify;\">K\u00f6z\u00f6s turisztikai term\u00e9kek \u00e9s szolg\u00e1ltat\u00e1sok diverzifik\u00e1ci\u00f3ja a t\u00e1volabbi agr\u00e1rt\u00e9rs\u00e9gek k\u00edn\u00e1lat\u00e1nak a nagyon turisztikai desztin\u00e1ci\u00f3k k\u00edn\u00e1lat\u00e1ba t\u00f6rt\u00e9n\u0151 bevon\u00e1s\u00e1val.<\/li>\n<\/ul>\n<\/div><\/section><\/div><\/p>\n\n<style type=\"text\/css\" data-created_by=\"avia_inline_auto\" id=\"style-css-av-av_two_fifth-2a64de42b738552fe666ca889af77e28\">\n.flex_column.av-av_two_fifth-2a64de42b738552fe666ca889af77e28{\nborder-radius:0px 0px 0px 0px;\n-webkit-border-radius:0px 0px 0px 0px;\n-moz-border-radius:0px 0px 0px 0px;\n}\n<\/style>\n<div class='flex_column av-av_two_fifth-2a64de42b738552fe666ca889af77e28 av_two_fifth  avia-builder-el-5  el_after_av_two_fifth  avia-builder-el-last  flex_column_div av-zero-column-padding '   ><section  class='av_textblock_section av-av_textblock-0366cc7376be6c9e82a3e9cc8987b64f'  itemscope=\"itemscope\" itemtype=\"https:\/\/schema.org\/CreativeWork\" ><div class='avia_textblock'  itemprop=\"text\" ><h2 style=\"text-align: justify;\"><strong>2. Priorit\u00e1si tengely: Egy\u00fcttm\u0171k\u00f6d\u0151 R\u00e9gi\u00f3<\/strong><\/h2>\n<p style=\"text-align: justify;\">A Priorit\u00e1si tengely egy beruh\u00e1z\u00e1si priorit\u00e1st tartalmaz: 11b<\/p>\n<p style=\"text-align: justify;\">A region\u00e1lis szerepl\u0151k k\u00f6z\u00f6tti hat\u00e9kony egy\u00fcttm\u0171k\u00f6d\u00e9s a r\u00e9gi\u00f3 fejleszt\u00e9s\u00e9hez nagyban hozz\u00e1j\u00e1rulhat, mivel a k\u00f6z\u00f6s probl\u00e9m\u00e1k \u00f6sszehangolt, k\u00f6z\u00f6s kezel\u00e9se nagyobb hat\u00e1st \u00e9s eredm\u00e9nyess\u00e9get \u00e9rhet el, amely meger\u0151s\u00f6d\u0151 hat\u00e1ron \u00e1tny\u00fal\u00f3 identit\u00e1st eredm\u00e9nyezhet. A r\u00e9gi\u00f3 egyik legnagyobb kih\u00edv\u00e1sa, hogy jobb korm\u00e1nyz\u00e1si modelleket alkalmazzon, amelyek min\u0151s\u00e9gi k\u00f6zszolg\u00e1ltat\u00e1sokat \u00e9s szoci\u00e1lis innov\u00e1ci\u00f3t fognak eredm\u00e9nyezni a r\u00e9gi\u00f3ban, ide\u00e9rtve a h\u00e1tr\u00e1nyos helyzet\u0171 csoportok ig\u00e9nyeit is. Ezt a k\u00f6zint\u00e9zm\u00e9nyek, civil szervezetek \u00e9s k\u00f6z\u00e9rdeket szolg\u00e1l\u00f3 egy\u00e9b szervezetek fokozottabb, \u00fajabb egy\u00fcttm\u0171k\u00f6d\u00e9se eredm\u00e9nyezheti, amely v\u00e9gs\u0151 soron az \u00e9rintettek hat\u00e1ron \u00e1tny\u00fal\u00f3 kapcsolatainak, \u00e9s \u00edgy a k\u00f6lcs\u00f6n\u00f6s tisztelet, elfogad\u00e1s \u00e9s meg\u00e9rt\u00e9s fokoz\u00f3d\u00e1s\u00e1t hozhatja, ami egyben az EU egyik kit\u0171z\u00f6tt c\u00e9lja is.<\/p>\n<p style=\"text-align: justify;\">A t\u00e1mogatott projektek a programt\u00e9rs\u00e9g helyzetfelt\u00e1r\u00f3 tanulm\u00e1ny\u00e1ban meghat\u00e1rozott f\u0151 fontoss\u00e1g\u00fa kih\u00edv\u00e1sokat \u00e9s sz\u00fcks\u00e9gleteket kell, hogy megc\u00e9lozz\u00e1k. Infrastrukt\u00farafejleszt\u00e9st nem t\u00e1mogat a tengely, \u00e9s a beruh\u00e1z\u00e1sok sem ker\u00fclnek f\u00f3kuszba, hanem ink\u00e1bb azon lehet\u0151s\u00e9geket fogja felt\u00e1rni, amelyeket a hat\u00e1ron \u00e1tny\u00fal\u00f3 h\u00e1l\u00f3zatok ki\u00e9p\u00fcl\u00e9se, egy\u00fcttm\u0171k\u00f6d\u00e9sek kialak\u00edt\u00e1sa eredm\u00e9nyezhet a k\u00fcl\u00f6nf\u00e9le szocio-gazdas\u00e1gi \u00e9s k\u00f6rnyezetv\u00e9delmi szektorokban.<\/p>\n<p style=\"text-align: justify;\"><strong>Lehets\u00e9ges egy\u00fcttm\u0171k\u00f6d\u00e9si kulcster\u00fcletek:<\/strong><\/p>\n<ul>\n<li style=\"text-align: justify;\">T\u00e1rsadalmi kih\u00edv\u00e1sok (el\u00f6reged\u00e9s, szeg\u00e9nys\u00e9g, elv\u00e1ndorl\u00e1s, min\u0151s\u00e9gi szoci\u00e1lis szolg\u00e1ltat\u00e1sok, eg\u00e9szs\u00e9g\u00fcgy),<\/li>\n<li style=\"text-align: justify;\">K\u00f6rnyezetv\u00e9delem, meg\u00fajul\u00f3 energia, kock\u00e1zatmenedzsment,<\/li>\n<li style=\"text-align: justify;\">Hat\u00e1ron \u00e1tny\u00fal\u00f3 el\u00e9rhet\u0151s\u00e9g \u00e9s interoperabilit\u00e1s (nem infrastrukt\u00farafejleszt\u00e9s, \u201esoft\u201d int\u00e9zked\u00e9sek, egy\u00fcttm\u0171k\u00f6d\u00e9s),<\/li>\n<li style=\"text-align: justify;\">Munkaer\u0151piac harmoniz\u00e1l\u00e1sa k\u00e9pz\u00e9ssel, szakk\u00e9pz\u00e9ssel, kiemelt figyelemmel a fiatalokra \u00e9s h\u00e1tr\u00e1nyos csoportokra.<\/li>\n<\/ul>\n<\/div><\/section><\/div>\n","protected":false},"excerpt":{"rendered":"","protected":false},"author":3,"featured_media":0,"parent":187,"menu_order":0,"comment_status":"closed","ping_status":"closed","template":"","meta":{"ngg_post_thumbnail":0},"acf":[],"_links":{"self":[{"href":"http:\/\/www.si-hu.eu\/hu2\/wp-json\/wp\/v2\/pages\/191"}],"collection":[{"href":"http:\/\/www.si-hu.eu\/hu2\/wp-json\/wp\/v2\/pages"}],"about":[{"href":"http:\/\/www.si-hu.eu\/hu2\/wp-json\/wp\/v2\/types\/page"}],"author":[{"embeddable":true,"href":"http:\/\/www.si-hu.eu\/hu2\/wp-json\/wp\/v2\/users\/3"}],"replies":[{"embeddable":true,"href":"http:\/\/www.si-hu.eu\/hu2\/wp-json\/wp\/v2\/comments?post=191"}],"version-history":[{"count":0,"href":"http:\/\/www.si-hu.eu\/hu2\/wp-json\/wp\/v2\/pages\/191\/revisions"}],"up":[{"embeddable":true,"href":"http:\/\/www.si-hu.eu\/hu2\/wp-json\/wp\/v2\/pages\/187"}],"wp:attachment":[{"href":"http:\/\/www.si-hu.eu\/hu2\/wp-json\/wp\/v2\/media?parent=191"}],"curies":[{"name":"wp","href":"https:\/\/api.w.org\/{rel}","templated":true}]}}