{"id":38,"date":"2015-10-02T21:32:00","date_gmt":"2015-10-02T20:32:00","guid":{"rendered":"http:\/\/84.39.218.252\/si2\/?page_id=38"},"modified":"2019-11-05T13:26:49","modified_gmt":"2019-11-05T12:26:49","slug":"nadzorni-odbor","status":"publish","type":"page","link":"http:\/\/www.si-hu.eu\/hu2\/program\/nadzorni-odbor\/","title":{"rendered":"Nadzorni odbor"},"content":{"rendered":"<div id='layer_slider_1'  class='avia-layerslider main_color avia-shadow  avia-builder-el-0  el_before_av_one_full  avia-builder-el-first  container_wrap sidebar_right'  style='height: 1px;'  ><div id=\"layerslider_6_1oi7hbhymjpuo\" class=\"ls-wp-container fitvidsignore\" style=\"width:1280px;height:720px;margin:0 auto;\"><div class=\"ls-slide\" ><\/div><\/div><\/div><div id='after_layer_slider_1'  class='main_color av_default_container_wrap container_wrap sidebar_right'  ><div class='container av-section-cont-open' ><div class='template-page content  av-content-small alpha units'><div class='post-entry post-entry-type-page post-entry-38'><div class='entry-content-wrapper clearfix'>\n\n<style type=\"text\/css\" data-created_by=\"avia_inline_auto\" id=\"style-css-av-av_one_full-352b07ef7d3bc99b2e9f92e7a9e06bdb\">\n.flex_column.av-av_one_full-352b07ef7d3bc99b2e9f92e7a9e06bdb{\nborder-radius:0px 0px 0px 0px;\n-webkit-border-radius:0px 0px 0px 0px;\n-moz-border-radius:0px 0px 0px 0px;\n}\n<\/style>\n<div class='flex_column av-av_one_full-352b07ef7d3bc99b2e9f92e7a9e06bdb av_one_full  avia-builder-el-1  el_after_av_layerslider  el_before_av_one_third  avia-builder-el-first  first flex_column_div av-zero-column-padding '   ><section  class='av_textblock_section av-av_textblock-0366cc7376be6c9e82a3e9cc8987b64f'  itemscope=\"itemscope\" itemtype=\"https:\/\/schema.org\/CreativeWork\" ><div class='avia_textblock'  itemprop=\"text\" ><h3><strong>Az Interreg<\/strong><strong> V-A Szlov\u00e9nia-Magyarorsz\u00e1g Egy\u00fcttm\u0171k\u00f6d\u00e9si Program Monitoring Bizotts\u00e1ga<\/strong><\/h3>\n<\/div><\/section><\/div>\n\n<style type=\"text\/css\" data-created_by=\"avia_inline_auto\" id=\"style-css-av-av_one_third-352b07ef7d3bc99b2e9f92e7a9e06bdb\">\n.flex_column.av-av_one_third-352b07ef7d3bc99b2e9f92e7a9e06bdb{\nborder-radius:0px 0px 0px 0px;\n-webkit-border-radius:0px 0px 0px 0px;\n-moz-border-radius:0px 0px 0px 0px;\n}\n<\/style>\n<div class='flex_column av-av_one_third-352b07ef7d3bc99b2e9f92e7a9e06bdb av_one_third  avia-builder-el-3  el_after_av_one_full  el_before_av_two_third  first flex_column_div av-zero-column-padding column-top-margin'   ><section  class='av_textblock_section av-av_textblock-0366cc7376be6c9e82a3e9cc8987b64f'  itemscope=\"itemscope\" itemtype=\"https:\/\/schema.org\/CreativeWork\" ><div class='avia_textblock'  itemprop=\"text\" ><p><strong>A Monitoring Bizotts\u00e1g (MB) \u00fcl\u00e9sei: <\/strong><\/p>\n<ul>\n<li><a href=\"http:\/\/www.si-hu.eu\/hu2\/o-nas\/nadzorni-odbor\/1-monitoring-bizottsagi-ules\/\" target=\"_blank\" rel=\"noopener noreferrer\">1. MB \u00fcl\u00e9s (2015. november 24.)<\/a><\/li>\n<li><a href=\"http:\/\/www.si-hu.eu\/hu2\/2-monitoring-bizottsagi-ules\/\">2. MB \u00fcl\u00e9s (2016.&nbsp;m\u00e1jus 25.-26.)<\/a><\/li>\n<li><a href=\"http:\/\/www.si-hu.eu\/hu2\/o-nas\/nadzorni-odbor\/3-monitoring-bizottsagi-ules\/\">3. MB \u00fcl\u00e9s (2016. december 5.-6.)<\/a><\/li>\n<li><a href=\"http:\/\/www.si-hu.eu\/hu2\/o-nas\/nadzorni-odbor\/4-monitoring-bizottsagi-ules\/\">4. MB \u00fcl\u00e9s (2017. janu\u00e1r 16.)<\/a><\/li>\n<li><a href=\"http:\/\/www.si-hu.eu\/hu2\/o-nas\/nadzorni-odbor\/5-monitoring-bizottsagi-ules\/\" target=\"_blank\" rel=\"noopener noreferrer\">5.&nbsp;MB \u00fcl\u00e9s (2017. julius 5.-6.)<\/a><\/li>\n<li><a href=\"http:\/\/www.si-hu.eu\/hu2\/o-nas\/nadzorni-odbor\/5-monitoring-bizottsagi-ules-2\/?preview_id=2839&amp;preview_nonce=5bad09878d&amp;_thumbnail_id=2842&amp;preview=true\" target=\"_blank\" rel=\"noopener noreferrer\">6.&nbsp;MB \u00fcl\u00e9s (2018. marcius 23.)<\/a><\/li>\n<li><a href=\"http:\/\/www.si-hu.eu\/hu2\/o-nas\/nadzorni-odbor\/5-monitoring-bizottsagi-ules-2-2\/?preview_id=3630&amp;preview_nonce=52f0b58a1a&amp;_thumbnail_id=3632&amp;preview=true\" target=\"_blank\" rel=\"noopener noreferrer\">7.&nbsp;MB \u00fcl\u00e9s (2018. november 12.)<\/a><\/li>\n<li><a href=\"http:\/\/www.si-hu.eu\/hu2\/o-nas\/nadzorni-odbor\/8-monitoring-bizottsagi-ules\/\">8. MB \u00fcl\u00e9s (2019. okt\u00f3ber 17.)<\/a><\/li>\n<\/ul>\n<p><strong><a href=\"http:\/\/www.si-hu.eu\/hu2\/o-nas\/revizijski-organ-revizijsko-telo\/\" target=\"_blank\" rel=\"noopener noreferrer\">Az MB tagok list\u00e1ja<\/a><\/strong><\/p>\n<\/div><\/section><\/div>\n<style type=\"text\/css\" data-created_by=\"avia_inline_auto\" id=\"style-css-av-av_two_third-2a64de42b738552fe666ca889af77e28\">\n.flex_column.av-av_two_third-2a64de42b738552fe666ca889af77e28{\nborder-radius:0px 0px 0px 0px;\n-webkit-border-radius:0px 0px 0px 0px;\n-moz-border-radius:0px 0px 0px 0px;\n}\n<\/style>\n<div class='flex_column av-av_two_third-2a64de42b738552fe666ca889af77e28 av_two_third  avia-builder-el-5  el_after_av_one_third  avia-builder-el-last  flex_column_div av-zero-column-padding column-top-margin'   ><section  class='av_textblock_section av-av_textblock-0366cc7376be6c9e82a3e9cc8987b64f'  itemscope=\"itemscope\" itemtype=\"https:\/\/schema.org\/CreativeWork\" ><div class='avia_textblock'  itemprop=\"text\" ><p>Az Interreg V-A Szlov\u00e9nia-Magyarorsz\u00e1g Egy\u00fcttm\u0171k\u00f6d\u00e9si Program Monitoring Bizotts\u00e1ga a 2014-2020 k\u00f6z\u00f6tti id\u0151szakban a k\u00e9t Tag\u00e1llam, Szlov\u00e9nia \u00e9s Magyarorsz\u00e1g, k\u00e9pvisel\u0151ib\u0151l \u00e1ll. A Monitoring Bizotts\u00e1g \u00f6sszet\u00e9tele a Tag\u00e1llamokat k\u00e9pvisel\u0151 programpartnerek k\u00f6z\u00f6s megegyez\u00e9s\u00e9n alapul.<\/p>\n<p>A Monitoring Bizotts\u00e1g ir\u00e1ny\u00edtja a programot, fel\u00fcgyeli a programv\u00e9grehajt\u00e1s min\u0151s\u00e9g\u00e9t \u00e9s hat\u00e9konys\u00e1g\u00e1t illetve d\u00f6nt a t\u00e1mogatand\u00f3 projektek j\u00f3v\u00e1hagy\u00e1s\u00e1r\u00f3l vagy elutas\u00edt\u00e1s\u00e1r\u00f3l.<\/p>\n<p>Az MB \u00fcl\u00e9sek a k\u00e9t Tag\u00e1llamban felv\u00e1ltva ker\u00fclnek majd megtart\u00e1sra. Az MB \u00e9vente legal\u00e1bb egy alkalommal \u00fcl\u00e9sezik, fel\u00fclvizsg\u00e1lja a Program megval\u00f3s\u00edt\u00e1s\u00e1t \u00e9s a c\u00e9lok el\u00e9r\u00e9se \u00e9rdek\u00e9ben tett l\u00e9p\u00e9seket. R\u00e9szletesen megvizsg\u00e1lja az \u00f6sszes k\u00e9rd\u00e9st, amelyek \u00e9rintik a Program teljes\u00edtm\u00e9ny\u00e9t \u00e9s d\u00f6nt a Program Ir\u00e1ny\u00edt\u00f3 Hat\u00f3s\u00e1g \u00e1ltal, vagy Bizotts\u00e1g saj\u00e1t el\u0151terjeszt\u00e9s\u00e9ben javasolt b\u00e1rmely m\u00f3dos\u00edt\u00e1s\u00e1r\u00f3l.<\/p>\n<\/div><\/section><\/div><\/p>\n","protected":false},"excerpt":{"rendered":"","protected":false},"author":3,"featured_media":0,"parent":187,"menu_order":0,"comment_status":"closed","ping_status":"closed","template":"","meta":{"ngg_post_thumbnail":0},"acf":[],"_links":{"self":[{"href":"http:\/\/www.si-hu.eu\/hu2\/wp-json\/wp\/v2\/pages\/38"}],"collection":[{"href":"http:\/\/www.si-hu.eu\/hu2\/wp-json\/wp\/v2\/pages"}],"about":[{"href":"http:\/\/www.si-hu.eu\/hu2\/wp-json\/wp\/v2\/types\/page"}],"author":[{"embeddable":true,"href":"http:\/\/www.si-hu.eu\/hu2\/wp-json\/wp\/v2\/users\/3"}],"replies":[{"embeddable":true,"href":"http:\/\/www.si-hu.eu\/hu2\/wp-json\/wp\/v2\/comments?post=38"}],"version-history":[{"count":4,"href":"http:\/\/www.si-hu.eu\/hu2\/wp-json\/wp\/v2\/pages\/38\/revisions"}],"predecessor-version":[{"id":4681,"href":"http:\/\/www.si-hu.eu\/hu2\/wp-json\/wp\/v2\/pages\/38\/revisions\/4681"}],"up":[{"embeddable":true,"href":"http:\/\/www.si-hu.eu\/hu2\/wp-json\/wp\/v2\/pages\/187"}],"wp:attachment":[{"href":"http:\/\/www.si-hu.eu\/hu2\/wp-json\/wp\/v2\/media?parent=38"}],"curies":[{"name":"wp","href":"https:\/\/api.w.org\/{rel}","templated":true}]}}