{"id":65,"date":"2015-10-02T22:06:55","date_gmt":"2015-10-02T21:06:55","guid":{"rendered":"http:\/\/84.39.218.252\/si2\/?page_id=65"},"modified":"2021-01-29T11:06:51","modified_gmt":"2021-01-29T10:06:51","slug":"odobreni-projekti","status":"publish","type":"page","link":"http:\/\/www.si-hu.eu\/hu2\/projektek\/odobreni-projekti\/","title":{"rendered":"Odobreni projekti"},"content":{"rendered":"<div id='layer_slider_1'  class='avia-layerslider main_color avia-shadow  avia-builder-el-0  el_before_av_heading  avia-builder-el-first  container_wrap sidebar_right'  style='height: 151px;'  ><div id=\"layerslider_4_lp955e3h589p\" class=\"ls-wp-container fitvidsignore\" style=\"width:1600px;height:150px;margin:0 auto;margin-bottom: 0px;\"><div class=\"ls-slide\" data-ls=\"duration:5000;\"><img width=\"2048\" height=\"321\" src=\"http:\/\/www.si-hu.eu\/hu2\/wp-content\/uploads\/sites\/10\/layerslider\/ENSubSlider\/Clouds.jpg\" class=\"ls-bg\" alt=\"\" srcset=\"http:\/\/www.si-hu.eu\/hu2\/wp-content\/uploads\/sites\/10\/layerslider\/ENSubSlider\/Clouds.jpg 2048w, http:\/\/www.si-hu.eu\/hu2\/wp-content\/uploads\/sites\/10\/layerslider\/ENSubSlider\/Clouds-300x47.jpg 300w, http:\/\/www.si-hu.eu\/hu2\/wp-content\/uploads\/sites\/10\/layerslider\/ENSubSlider\/Clouds-1030x161.jpg 1030w, http:\/\/www.si-hu.eu\/hu2\/wp-content\/uploads\/sites\/10\/layerslider\/ENSubSlider\/Clouds-600x94.jpg 600w, http:\/\/www.si-hu.eu\/hu2\/wp-content\/uploads\/sites\/10\/layerslider\/ENSubSlider\/Clouds-1500x235.jpg 1500w, http:\/\/www.si-hu.eu\/hu2\/wp-content\/uploads\/sites\/10\/layerslider\/ENSubSlider\/Clouds-705x111.jpg 705w, http:\/\/www.si-hu.eu\/hu2\/wp-content\/uploads\/sites\/10\/layerslider\/ENSubSlider\/Clouds-450x71.jpg 450w\" sizes=\"(max-width: 2048px) 100vw, 2048px\" \/><h2 style=\"padding-top:10px;padding-right:10px;padding-bottom:10px;padding-left:10px;color:#ffffff;background:#436f4d;border-radius:15px;top:80px;left:40px;\" class=\"ls-l ls-text-layer\" data-ls=\"offsetxin:80;offsetxout:-80;durationout:400;parallaxlevel:0;\">Interreg V-A Szlov&eacute;nia-Magyarorsz&aacute;g Egy&uuml;ttm&#369;k&ouml;d&eacute;si Program<\/h2><\/div><div class=\"ls-slide\" data-ls=\"duration:4000;\"><img width=\"1600\" height=\"150\" src=\"http:\/\/www.si-hu.eu\/hu2\/wp-content\/uploads\/sites\/10\/layerslider\/ENSubSlider\/lipa.png\" class=\"ls-bg\" alt=\"\" srcset=\"http:\/\/www.si-hu.eu\/hu2\/wp-content\/uploads\/sites\/10\/layerslider\/ENSubSlider\/lipa.png 1600w, http:\/\/www.si-hu.eu\/hu2\/wp-content\/uploads\/sites\/10\/layerslider\/ENSubSlider\/lipa-300x28.png 300w, http:\/\/www.si-hu.eu\/hu2\/wp-content\/uploads\/sites\/10\/layerslider\/ENSubSlider\/lipa-1030x97.png 1030w, http:\/\/www.si-hu.eu\/hu2\/wp-content\/uploads\/sites\/10\/layerslider\/ENSubSlider\/lipa-600x56.png 600w, http:\/\/www.si-hu.eu\/hu2\/wp-content\/uploads\/sites\/10\/layerslider\/ENSubSlider\/lipa-1500x141.png 1500w, http:\/\/www.si-hu.eu\/hu2\/wp-content\/uploads\/sites\/10\/layerslider\/ENSubSlider\/lipa-705x66.png 705w, http:\/\/www.si-hu.eu\/hu2\/wp-content\/uploads\/sites\/10\/layerslider\/ENSubSlider\/lipa-450x42.png 450w\" sizes=\"(max-width: 1600px) 100vw, 1600px\" \/><h2 style=\"padding-top:10px;padding-right:10px;padding-bottom:10px;padding-left:10px;color:#ffffff;background:#436f4d;border-radius:15px;top:25px;left:600px;\" class=\"ls-l ls-text-layer\" data-ls=\"offsetxin:80;offsetxout:-80;durationout:400;parallaxlevel:0;\">Interreg V-A Szlov&eacute;nia-Magyarorsz&aacute;g Egy&uuml;ttm&#369;k&ouml;d&eacute;si Program<\/h2><\/div><\/div><\/div><div id='after_layer_slider_1'  class='main_color av_default_container_wrap container_wrap sidebar_right'  ><div class='container av-section-cont-open' ><div class='template-page content  av-content-small alpha units'><div class='post-entry post-entry-type-page post-entry-65'><div class='entry-content-wrapper clearfix'>\n\n<style type=\"text\/css\" data-created_by=\"avia_inline_auto\" id=\"style-css-av-av_heading-260982c07ab0c69c13281011713956c0\">\n#top .av-special-heading.av-av_heading-260982c07ab0c69c13281011713956c0{\npadding-bottom:10px;\n}\nbody .av-special-heading.av-av_heading-260982c07ab0c69c13281011713956c0 .av-special-heading-tag .heading-char{\nfont-size:25px;\n}\n.av-special-heading.av-av_heading-260982c07ab0c69c13281011713956c0 .av-subheading{\nfont-size:15px;\n}\n<\/style>\n<div  class='av-special-heading av-av_heading-260982c07ab0c69c13281011713956c0 av-special-heading-h3  avia-builder-el-1  el_after_av_layerslider  el_before_av_one_fourth  avia-builder-el-first '><h3 class='av-special-heading-tag'  itemprop=\"headline\"  >J\u00d3V\u00c1HAGYOTT PROJEKTEK<\/h3><div class=\"special-heading-border\"><div class=\"special-heading-inner-border\"><\/div><\/div><\/div>\n\n<style type=\"text\/css\" data-created_by=\"avia_inline_auto\" id=\"style-css-av-av_one_fourth-352b07ef7d3bc99b2e9f92e7a9e06bdb\">\n.flex_column.av-av_one_fourth-352b07ef7d3bc99b2e9f92e7a9e06bdb{\nborder-radius:0px 0px 0px 0px;\n-webkit-border-radius:0px 0px 0px 0px;\n-moz-border-radius:0px 0px 0px 0px;\n}\n<\/style>\n<div class='flex_column av-av_one_fourth-352b07ef7d3bc99b2e9f92e7a9e06bdb av_one_fourth  avia-builder-el-2  el_after_av_heading  el_before_av_three_fourth  first flex_column_div av-zero-column-padding '   ><p><div  class=\"avia-animated-number av-av_animated_numbers-33e0ceaf923cac0c2048ae0e3ee91db5 av-force-default-color avia_animate_when_visible  avia-builder-el-3  el_before_av_hr  avia-builder-el-first  \" data-timer=\"3000\"><strong class=\"heading avia-animated-number-title\"><span class=\"avia-single-number __av-single-number\" data-number_format=\"\" data-number=\"24\" data-start_from=\"0\">24<\/span><\/strong><div class=\"avia-animated-number-content\"><p>J\u00f3v\u00e1hagyott projekt<\/p>\n<\/div><\/div><br \/>\n<div  class='hr av-av_hr-dcd2069817a0e3d34ae04cad8f3443c7 hr-default  avia-builder-el-4  el_after_av_animated_numbers  el_before_av_font_icon '><span class='hr-inner '><span class=\"hr-inner-style\"><\/span><\/span><\/div><br \/>\n\n<style type=\"text\/css\" data-created_by=\"avia_inline_auto\" id=\"style-css-av-av_font_icon-ef21bcb358704a758d882f63a5aafaaa\">\n.av_font_icon.av-av_font_icon-ef21bcb358704a758d882f63a5aafaaa{\ncolor:#436f4d;\nborder-color:#436f4d;\n}\n.av_font_icon.av-av_font_icon-ef21bcb358704a758d882f63a5aafaaa .av-icon-char{\nfont-size:40px;\nline-height:40px;\n}\n<\/style>\n<span  class='av_font_icon av-av_font_icon-ef21bcb358704a758d882f63a5aafaaa avia_animate_when_visible av-icon-style- avia-icon-pos-center avia-icon-animate'><a href='http:\/\/www.si-hu.eu\/download\/Seznam-odobrenih-projektov-20210129.xlsx'  class='av-icon-char' aria-hidden='true' data-av_icon='\ue82d' data-av_iconfont='entypo-fontello' ><\/a><\/span><br \/>\n<section  class='av_textblock_section av-av_textblock-0366cc7376be6c9e82a3e9cc8987b64f'  itemscope=\"itemscope\" itemtype=\"https:\/\/schema.org\/CreativeWork\" ><div class='avia_textblock'  itemprop=\"text\" ><p style=\"text-align: center\">J\u00d3V\u00c1HAGYOTT PROJEKTEK LIST\u00c1JA<\/p>\n<p style=\"text-align: center\">(Al\u00e1\u00edrt ERFA T\u00e1mogat\u00e1si szerz\u0151d\u00e9sek)<\/p>\n<\/div><\/section><\/p><\/div>\n<style type=\"text\/css\" data-created_by=\"avia_inline_auto\" id=\"style-css-av-av_three_fourth-2a64de42b738552fe666ca889af77e28\">\n.flex_column.av-av_three_fourth-2a64de42b738552fe666ca889af77e28{\nborder-radius:0px 0px 0px 0px;\n-webkit-border-radius:0px 0px 0px 0px;\n-moz-border-radius:0px 0px 0px 0px;\n}\n<\/style>\n<div class='flex_column av-av_three_fourth-2a64de42b738552fe666ca889af77e28 av_three_fourth  avia-builder-el-7  el_after_av_one_fourth  avia-builder-el-last  flex_column_div av-zero-column-padding '   ><p><section  class='av_textblock_section av-av_textblock-e9c25827215b2674b53c3250198f2a2a'  itemscope=\"itemscope\" itemtype=\"https:\/\/schema.org\/CreativeWork\" ><div class='avia_textblock'  itemprop=\"text\" ><p>Ezen az oldalon t\u00e1j\u00e9koz\u00f3dhat az Interreg V-A Szlov\u00e9nia-Magyarorsz\u00e1g Egy\u00fcttm\u0171k\u00f6d\u00e9si Program keret\u00e9ben j\u00f3v\u00e1hagyott valamennyi projekttel kapcsolatosan.<\/p>\n<p>Az Interreg V-A Szlov\u00e9nia-Magyarorsz\u00e1g Egy\u00fcttm\u0171k\u00f6d\u00e9si Program keret\u00e9ben a 2. Monitoring Bizotts\u00e1gi \u00fcl\u00e9sen <strong>1 projekt ker\u00fclt j\u00f3v\u00e1hagy\u00e1sra<\/strong> (2016. m\u00e1jus 25-26.).<\/p>\n<p>Az Interreg V-A Szlov\u00e9nia-Magyarorsz\u00e1g Egy\u00fcttm\u0171k\u00f6d\u00e9si Program keret\u00e9ben a 4. Monitoring Bizotts\u00e1gi \u00fcl\u00e9sen <strong>5 projekt ker\u00fclt j\u00f3v\u00e1hagy\u00e1sra<\/strong> (2017. janu\u00e1r 16.).<\/p>\n<p>Az Interreg V-A Szlov\u00e9nia-Magyarorsz\u00e1g Egy\u00fcttm\u0171k\u00f6d\u00e9si Program keret\u00e9ben az 5. Monitoring Bizotts\u00e1gi \u00fcl\u00e9sen <strong>7 projekt ker\u00fclt j\u00f3v\u00e1hagy\u00e1sra<\/strong> (2017. j\u00falius 5-6.).<\/p>\n<p>Az Interreg V-A Szlov\u00e9nia-Magyarorsz\u00e1g Egy\u00fcttm\u0171k\u00f6d\u00e9si Program keret\u00e9ben a 6. Monitoring Bizotts\u00e1gi \u00fcl\u00e9sen <strong>4 projekt ker\u00fclt j\u00f3v\u00e1hagy\u00e1sra<\/strong> (2018. m\u00e1rcius 23.)<\/p>\n<p>Az Interreg V-A Szlov\u00e9nia-Magyarorsz\u00e1g Egy\u00fcttm\u0171k\u00f6d\u00e9si Program keret\u00e9ben a 7. Monitoring Bizotts\u00e1gi \u00fcl\u00e9sen <strong>3 projekt ker\u00fclt j\u00f3v\u00e1hagy\u00e1sra<\/strong> (2018. november 12.)<\/p>\n<p>Az Interreg V-A Szlov\u00e9nia-Magyarorsz\u00e1g Egy\u00fcttm\u0171k\u00f6d\u00e9si Program keret\u00e9ben a 8. Monitoring Bizotts\u00e1gi \u00fcl\u00e9sen <strong>4 projekt ker\u00fclt j\u00f3v\u00e1hagy\u00e1sra<\/strong> (2019. okt\u00f3ber 17.)<\/p>\n<p>A folyamatban l\u00e9v\u0151 projektekr\u0151l, azok tev\u00e9kenys\u00e9geir\u0151l \u00e9s eredm\u00e9nyeir\u0151l olvashat\u00f3 inform\u00e1ci\u00f3kat folyamatosan friss\u00edtj\u00fck az oldalon!<\/p>\n<\/div><\/section><br \/>\n<div  class='togglecontainer av-av_toggle_container-58d3b55d78679e2c4a6f7b2e625e97f8  avia-builder-el-9  el_after_av_textblock  avia-builder-el-last  toggle_close_all' >\n<section class='av_toggle_section av-av_toggle-50637972f3275362b02f166ec897ad9a'  itemscope=\"itemscope\" itemtype=\"https:\/\/schema.org\/CreativeWork\" ><div role=\"tablist\" class=\"single_toggle\" data-tags=\"{All} \"  ><p data-fake-id='#toggle-id-1' class='toggler  activeTitle '  itemprop=\"headline\"  role='tab' tabindex='0' aria-controls='toggle-id-1'>1. Priorit\u00e1si Tengely<span class=\"toggle_icon\"><span class=\"vert_icon\"><\/span><span class=\"hor_icon\"><\/span><\/span><\/p><div id='toggle-id-1' class='toggle_wrap  active_tc' style='display:block;' ><div class='toggle_content invers-color '  itemprop=\"text\" ><ul>\n<li><a href=\"http:\/\/www.si-hu.eu\/hu2\/green-exercise\/\"><span style=\"color: #008000\">Green Exercise<\/span><\/a><\/li>\n<li><a href=\"http:\/\/www.si-hu.eu\/hu2\/go-in-nature\/\"><span style=\"color: #008000\">GO IN NATURE<\/span><\/a><\/li>\n<li><a href=\"http:\/\/www.si-hu.eu\/hu2\/escape\/\"><span style=\"color: #008000\">ESCAPE<\/span><\/a><\/li>\n<li><a href=\"http:\/\/www.si-hu.eu\/hu2\/ironcurtaincycling\/\"><span style=\"color: #008000\">IronCurtainCycling<\/span><\/a><\/li>\n<li><a href=\"http:\/\/www.si-hu.eu\/hu2\/guide2visit\/\"><span style=\"color: #008000\">Guide2Visit<\/span><\/a><\/li>\n<li><a href=\"http:\/\/www.si-hu.eu\/hu2\/tele-ka-land\/\"><span style=\"color: #008000\">TELE-KA-LAND<\/span><\/a><\/li>\n<li><a href=\"http:\/\/www.si-hu.eu\/hu2\/murarabatour\/\"><span style=\"color: #008000\">MURA RABA TOUR<\/span><\/a><\/li>\n<li><a href=\"http:\/\/www.si-hu.eu\/hu2\/horse-based-tourism-hbt\/\"><span style=\"color: #008000\">HORSE BASED TOURISM &#8211; HBT<\/span><\/a><\/li>\n<li><a href=\"http:\/\/www.si-hu.eu\/hu2\/garden\/\"><span style=\"color: #008000\">GardEN<\/span><\/a><\/li>\n<li><a href=\"http:\/\/www.si-hu.eu\/hu2\/ethos-land\/\"><span style=\"color: #008000\">ETHOS LAND<\/span><\/a><\/li>\n<li><a href=\"http:\/\/www.si-hu.eu\/hu2\/wine-picnic\/\"><span style=\"color: #008000\">Wine Picnic<\/span><\/a><\/li>\n<li><a href=\"http:\/\/www.si-hu.eu\/hu2\/houses\/\">HOUSES<\/a><\/li>\n<\/ul>\n<p><a href=\"http:\/\/www.si-hu.eu\/download\/Project-summaries-PA1-HU-5.-kor.pdf\" target=\"_blank\" rel=\"noopener noreferrer\">J\u00f3v\u00e1hagyott projektek \u00f6sszefoglal\u00f3i &#8211; 1. Priorit\u00e1si Tengely<\/a><\/p>\n<\/div><\/div><\/div><\/section>\n<section class='av_toggle_section av-av_toggle-ec1b4eb55409e1469b58ce691162d746'  itemscope=\"itemscope\" itemtype=\"https:\/\/schema.org\/CreativeWork\" ><div role=\"tablist\" class=\"single_toggle\" data-tags=\"{All} \"  ><p data-fake-id='#toggle-id-2' class='toggler   '  itemprop=\"headline\"  role='tab' tabindex='0' aria-controls='toggle-id-2'>2. Priorit\u00e1si Tengely<span class=\"toggle_icon\"><span class=\"vert_icon\"><\/span><span class=\"hor_icon\"><\/span><\/span><\/p><div id='toggle-id-2' class='toggle_wrap  '  ><div class='toggle_content invers-color '  itemprop=\"text\" ><ul>\n<li><a href=\"http:\/\/www.si-hu.eu\/hu2\/right-profession-ii\/\"><span style=\"color: #008000\">Right Profession II<\/span><\/a><\/li>\n<li><a href=\"http:\/\/www.si-hu.eu\/hu2\/e-documenta-pannonica\/\"><span style=\"color: #008000\">e-documenta Pannonica<\/span><\/a><\/li>\n<li><a href=\"http:\/\/www.si-hu.eu\/hu2\/back-in-the-day\/\"><span style=\"color: #008000\">Back in the day<\/span><\/a><\/li>\n<li><a href=\"http:\/\/www.si-hu.eu\/hu2\/e-conomy\/\"><span style=\"color: #008000\">E-CONOMY<\/span><\/a><\/li>\n<li><a href=\"http:\/\/www.si-hu.eu\/hu2\/folk-music-heritage\/\"><span style=\"color: #008000\">Folk Music Heritage<\/span><\/a><\/li>\n<li><a href=\"http:\/\/www.si-hu.eu\/hu2\/greenline\/\"><span style=\"color: #008000\">GREEN LINE<\/span><\/a><\/li>\n<li><a href=\"http:\/\/www.si-hu.eu\/hu2\/dual-transfer\/\"><span style=\"color: #008000\">DUAL TRANSFER<\/span><\/a><\/li>\n<li><a href=\"http:\/\/www.si-hu.eu\/hu2\/sens-network\/\"><span style=\"color: #008000\">SENS NETWORK<\/span><\/a><\/li>\n<li><a href=\"http:\/\/www.si-hu.eu\/hu2\/motivage\/\"><span style=\"color: #008000\">MOTIVAGE<\/span><\/a><\/li>\n<li><a href=\"http:\/\/www.si-hu.eu\/hu2\/greenreg\/\"><span style=\"color: #008000\">GreenReg<\/span><\/a><\/li>\n<li><a href=\"http:\/\/www.si-hu.eu\/hu2\/si-hu-pro\/\"><span style=\"color: #008000\">SI-HU PRO<\/span><\/a><\/li>\n<li><a href=\"http:\/\/www.si-hu.eu\/hu2\/capcrossplan\/\"><span style=\"color: #008000\">capCROSSplan<\/span><\/a><\/li>\n<\/ul>\n<p><a href=\"http:\/\/www.si-hu.eu\/download\/Project-summaries-PA2-HU-6.-kor_2.pdf\" target=\"_blank\" rel=\"noopener noreferrer\">J\u00f3v\u00e1hagyott projekt \u00f6sszefoglal\u00f3ja &#8211; 2. Priorit\u00e1si Tengely<\/a><\/p>\n<\/div><\/div><\/div><\/section>\n<\/div><\/p><\/div><\/p>\n","protected":false},"excerpt":{"rendered":"","protected":false},"author":3,"featured_media":0,"parent":61,"menu_order":0,"comment_status":"closed","ping_status":"closed","template":"","meta":{"ngg_post_thumbnail":0},"acf":[],"_links":{"self":[{"href":"http:\/\/www.si-hu.eu\/hu2\/wp-json\/wp\/v2\/pages\/65"}],"collection":[{"href":"http:\/\/www.si-hu.eu\/hu2\/wp-json\/wp\/v2\/pages"}],"about":[{"href":"http:\/\/www.si-hu.eu\/hu2\/wp-json\/wp\/v2\/types\/page"}],"author":[{"embeddable":true,"href":"http:\/\/www.si-hu.eu\/hu2\/wp-json\/wp\/v2\/users\/3"}],"replies":[{"embeddable":true,"href":"http:\/\/www.si-hu.eu\/hu2\/wp-json\/wp\/v2\/comments?post=65"}],"version-history":[{"count":33,"href":"http:\/\/www.si-hu.eu\/hu2\/wp-json\/wp\/v2\/pages\/65\/revisions"}],"predecessor-version":[{"id":5224,"href":"http:\/\/www.si-hu.eu\/hu2\/wp-json\/wp\/v2\/pages\/65\/revisions\/5224"}],"up":[{"embeddable":true,"href":"http:\/\/www.si-hu.eu\/hu2\/wp-json\/wp\/v2\/pages\/61"}],"wp:attachment":[{"href":"http:\/\/www.si-hu.eu\/hu2\/wp-json\/wp\/v2\/media?parent=65"}],"curies":[{"name":"wp","href":"https:\/\/api.w.org\/{rel}","templated":true}]}}